{"id":11,"date":"2025-03-01T11:24:38","date_gmt":"2025-03-01T11:24:38","guid":{"rendered":"https:\/\/blog.metu.edu.tr\/e265438\/?page_id=11"},"modified":"2026-02-13T11:07:16","modified_gmt":"2026-02-13T11:07:16","slug":"ekip-uyeleri","status":"publish","type":"page","link":"https:\/\/blog.metu.edu.tr\/e265438\/ekip-uyeleri\/","title":{"rendered":""},"content":{"rendered":"\n<h2 class=\"wp-block-heading\" style=\"margin-top:3rem;margin-bottom:1.5rem\">Proje Y\u00fcr\u00fct\u00fcc\u00fcs\u00fc<\/h2>\n\n\n\n<hr class=\"wp-block-separator has-alpha-channel-opacity is-style-wide\" style=\"border-top: 3px solid #000;opacity: 1;margin-bottom:2rem\" \/>\n\n\n\n<div class=\"wp-block-media-text alignwide is-stacked-on-mobile is-vertically-aligned-center has-white-background-color has-background\" style=\"border-color:#e0e0e0;border-width:1px;border-radius:12px;padding-top:1.5rem;padding-right:1.5rem;padding-bottom:1.5rem;padding-left:1.5rem;grid-template-columns:20% auto\"><figure class=\"wp-block-media-text__media\"><img loading=\"lazy\" decoding=\"async\" width=\"150\" height=\"196\" src=\"https:\/\/blog.metu.edu.tr\/e265438\/files\/2025\/03\/unnamed.gif\" alt=\"\" class=\"wp-image-33 size-full\" style=\"border-radius:8px\" \/><\/figure><div class=\"wp-block-media-text__content\">\n<p><strong style=\"font-size:1.2em\">Sinan Eyi<\/strong><br \/><em>Profes\u00f6r Doktor<\/em><\/p>\n\n\n\n<ul class=\"wp-block-list\" style=\"margin-top:1rem\">\n<li>Ph.D. in Aeronautical &amp; Astronautical Engineering, University of Illinois, 1995<\/li>\n\n\n\n<li>M.S. in Aeronautical &amp; Astronautical Engineering, University of Illinois, 1989<\/li>\n\n\n\n<li>B.S. in Mechanical Engineering, KTU, 1982<\/li>\n<\/ul>\n<\/div><\/div>\n\n\n\n<h2 class=\"wp-block-heading\" style=\"margin-top:3rem;margin-bottom:1.5rem\">Doktora \u00d6\u011frencileri<\/h2>\n\n\n\n<hr class=\"wp-block-separator has-alpha-channel-opacity is-style-wide\" style=\"border-top: 3px solid #000;opacity: 1;margin-bottom:2rem\" \/>\n\n\n\n<div class=\"wp-block-media-text alignwide is-stacked-on-mobile is-vertically-aligned-center has-white-background-color has-background\" style=\"border-color:#e0e0e0;border-width:1px;border-radius:12px;padding-top:1.5rem;padding-right:1.5rem;padding-bottom:1.5rem;padding-left:1.5rem;grid-template-columns:20% auto\"><figure class=\"wp-block-media-text__media\"><img loading=\"lazy\" decoding=\"async\" width=\"543\" height=\"543\" src=\"https:\/\/blog.metu.edu.tr\/e265438\/files\/2025\/03\/Tohid.jpeg\" alt=\"\" class=\"wp-image-37 size-full\" style=\"border-radius:8px\" srcset=\"https:\/\/blog.metu.edu.tr\/e265438\/files\/2025\/03\/Tohid.jpeg 543w, https:\/\/blog.metu.edu.tr\/e265438\/files\/2025\/03\/Tohid-300x300.jpeg 300w, https:\/\/blog.metu.edu.tr\/e265438\/files\/2025\/03\/Tohid-150x150.jpeg 150w\" sizes=\"auto, (max-width: 543px) 100vw, 543px\" \/><\/figure><div class=\"wp-block-media-text__content\">\n<p><strong style=\"font-size:1.2em\">Tohid Ghorbani<\/strong><br \/><em>Doktora \u00d6\u011frencisi, Tam Zamanl\u0131<\/em><\/p>\n\n\n\n<ul class=\"wp-block-list\" style=\"margin-top:1rem\">\n<li>Ph.D. in Aerospace Engineering, METU, 2025<\/li>\n\n\n\n<li>M.S. in University of Tabriz, 2019<\/li>\n\n\n\n<li>B.S. in University of Tabriz, 2016<\/li>\n<\/ul>\n<\/div><\/div>\n\n\n\n<h2 class=\"wp-block-heading\" style=\"margin-top:3rem;margin-bottom:1.5rem\">Y\u00fcksek Lisans \u00d6\u011frencileri<\/h2>\n\n\n\n<hr class=\"wp-block-separator has-alpha-channel-opacity is-style-wide\" style=\"border-top: 3px solid #000;opacity: 1;margin-bottom:2rem\" \/>\n\n\n\n<div class=\"wp-block-media-text alignwide is-stacked-on-mobile is-vertically-aligned-center has-white-background-color has-background\" style=\"border-color:#e0e0e0;border-width:1px;border-radius:12px;padding-top:1.5rem;padding-right:1.5rem;padding-bottom:1.5rem;padding-left:1.5rem;grid-template-columns:20% auto\"><figure class=\"wp-block-media-text__media\"><img loading=\"lazy\" decoding=\"async\" width=\"768\" height=\"1024\" src=\"https:\/\/blog.metu.edu.tr\/e265438\/files\/2025\/03\/IMG_0822-768x1024.jpeg\" alt=\"\" class=\"wp-image-39 size-full\" style=\"border-radius:8px\" srcset=\"https:\/\/blog.metu.edu.tr\/e265438\/files\/2025\/03\/IMG_0822-768x1024.jpeg 768w, https:\/\/blog.metu.edu.tr\/e265438\/files\/2025\/03\/IMG_0822-225x300.jpeg 225w, https:\/\/blog.metu.edu.tr\/e265438\/files\/2025\/03\/IMG_0822-1152x1536.jpeg 1152w, https:\/\/blog.metu.edu.tr\/e265438\/files\/2025\/03\/IMG_0822.jpeg 1536w\" sizes=\"auto, (max-width: 768px) 100vw, 768px\" \/><\/figure><div class=\"wp-block-media-text__content\">\n<p><strong style=\"font-size:1.2em\">Ercan Umut Dan\u0131\u015fan<\/strong><br \/><em>Y\u00fcksek Lisans \u00d6\u011frencisi, Tam Zamanl\u0131<\/em><\/p>\n\n\n\n<ul class=\"wp-block-list\" style=\"margin-top:1rem\">\n<li>M.S. in Aerospace Engineering, METU, 2025<\/li>\n\n\n\n<li>B.S. in Aerospace Engineering, University of Samsun, 2022<\/li>\n<\/ul>\n<\/div><\/div>\n\n\n\n<h2 class=\"wp-block-heading\" style=\"margin-top:3rem;margin-bottom:1.5rem\">Lisans \u00d6\u011frencileri<\/h2>\n\n\n\n<hr class=\"wp-block-separator has-alpha-channel-opacity is-style-wide\" style=\"border-top: 3px solid #000;opacity: 1;margin-bottom:2rem\" \/>\n\n\n\n<div class=\"wp-block-columns is-layout-flex wp-container-core-columns-is-layout-52aec165 wp-block-columns-is-layout-flex\" style=\"margin-bottom:2rem\">\n<div class=\"wp-block-column is-layout-flow wp-block-column-is-layout-flow\">\n<div class=\"wp-block-group has-white-background-color has-background\" style=\"border-color:#e0e0e0;border-width:1px;border-radius:12px;padding-top:1.5rem;padding-right:1.5rem;padding-bottom:1.5rem;padding-left:1.5rem\"><div class=\"wp-block-group__inner-container is-layout-flow wp-block-group-is-layout-flow\"><div class=\"wp-block-image\">\n<figure class=\"aligncenter size-full is-resized\" style=\"border-radius:50%\"><img loading=\"lazy\" decoding=\"async\" width=\"640\" height=\"640\" src=\"https:\/\/blog.metu.edu.tr\/e265438\/files\/2025\/03\/dogukan.jpeg\" alt=\"\" class=\"wp-image-43\" style=\"border-radius:50%;width:150px;height:150px;object-fit:cover\" srcset=\"https:\/\/blog.metu.edu.tr\/e265438\/files\/2025\/03\/dogukan.jpeg 640w, https:\/\/blog.metu.edu.tr\/e265438\/files\/2025\/03\/dogukan-300x300.jpeg 300w, https:\/\/blog.metu.edu.tr\/e265438\/files\/2025\/03\/dogukan-150x150.jpeg 150w\" sizes=\"auto, (max-width: 640px) 100vw, 640px\" \/><\/figure>\n<\/div>\n\n\n<p class=\"has-text-align-center\" style=\"margin-top:1rem\"><strong style=\"font-size:1.1em\">Do\u011fukan G\u00fcndem<\/strong><br \/><em>4. S\u0131n\u0131f<\/em><br \/><em>Bursiyer<\/em><\/p>\n<\/div><\/div>\n<\/div>\n\n\n\n<div class=\"wp-block-column is-layout-flow wp-block-column-is-layout-flow\">\n<div class=\"wp-block-group has-white-background-color has-background\" style=\"border-color:#e0e0e0;border-style:dashed;border-width:1px;border-radius:12px;padding-top:1.5rem;padding-right:1.5rem;padding-bottom:1.5rem;padding-left:1.5rem\"><div class=\"wp-block-group__inner-container is-layout-flow wp-block-group-is-layout-flow\">\n<p class=\"has-text-align-center\" style=\"margin-top:1rem\"><strong style=\"font-size:1.1em\">Yeni \u00dcye<\/strong><br \/><em>Eklenecek<\/em><\/p>\n<\/div><\/div>\n<\/div>\n<\/div>\n\n\n\n<div class=\"wp-block-columns is-layout-flex wp-container-core-columns-is-layout-52aec165 wp-block-columns-is-layout-flex\" style=\"margin-bottom:2rem\">\n<div class=\"wp-block-column is-layout-flow wp-block-column-is-layout-flow\">\n<div class=\"wp-block-group has-white-background-color has-background\" style=\"border-color:#e0e0e0;border-style:dashed;border-width:1px;border-radius:12px;padding-top:1.5rem;padding-right:1.5rem;padding-bottom:1.5rem;padding-left:1.5rem\"><div class=\"wp-block-group__inner-container is-layout-flow wp-block-group-is-layout-flow\">\n<p class=\"has-text-align-center\" style=\"margin-top:1rem\"><strong style=\"font-size:1.1em\">Yeni \u00dcye<\/strong><br \/><em>Eklenecek<\/em><\/p>\n<\/div><\/div>\n<\/div>\n\n\n\n<div class=\"wp-block-column is-layout-flow wp-block-column-is-layout-flow\">\n<div class=\"wp-block-group has-white-background-color has-background\" style=\"border-color:#e0e0e0;border-style:dashed;border-width:1px;border-radius:12px;padding-top:1.5rem;padding-right:1.5rem;padding-bottom:1.5rem;padding-left:1.5rem\"><div class=\"wp-block-group__inner-container is-layout-flow wp-block-group-is-layout-flow\">\n<p class=\"has-text-align-center\" style=\"margin-top:1rem\"><strong style=\"font-size:1.1em\">Yeni \u00dcye<\/strong><br \/><em>Eklenecek<\/em><\/p>\n<\/div><\/div>\n<\/div>\n<\/div>\n\n\n\n<h2 class=\"wp-block-heading\" style=\"margin-top:3rem;margin-bottom:1.5rem\">Proje Eski \u00c7al\u0131\u015fanlar\u0131<\/h2>\n\n\n\n<hr class=\"wp-block-separator has-alpha-channel-opacity is-style-wide\" style=\"border-top: 3px solid #000;opacity: 1;margin-bottom:2rem\" \/>\n\n\n\n<div class=\"wp-block-columns is-layout-flex wp-container-core-columns-is-layout-52aec165 wp-block-columns-is-layout-flex\" style=\"margin-bottom:2rem\">\n<div class=\"wp-block-column is-layout-flow wp-block-column-is-layout-flow\">\n<div class=\"wp-block-group has-white-background-color has-background\" style=\"border-color:#e0e0e0;border-width:1px;border-radius:12px;padding-top:1.5rem;padding-right:1.5rem;padding-bottom:1.5rem;padding-left:1.5rem\"><div class=\"wp-block-group__inner-container is-layout-flow wp-block-group-is-layout-flow\"><div class=\"wp-block-image\">\n<figure class=\"aligncenter size-full is-resized\" style=\"border-radius:50%\"><img loading=\"lazy\" decoding=\"async\" width=\"640\" height=\"640\" src=\"https:\/\/blog.metu.edu.tr\/e265438\/files\/2025\/03\/Yavuz.jpeg\" alt=\"\" class=\"wp-image-45\" style=\"border-radius:50%;width:150px;height:150px;object-fit:cover\" srcset=\"https:\/\/blog.metu.edu.tr\/e265438\/files\/2025\/03\/Yavuz.jpeg 640w, https:\/\/blog.metu.edu.tr\/e265438\/files\/2025\/03\/Yavuz-300x300.jpeg 300w, https:\/\/blog.metu.edu.tr\/e265438\/files\/2025\/03\/Yavuz-150x150.jpeg 150w\" sizes=\"auto, (max-width: 640px) 100vw, 640px\" \/><\/figure>\n<\/div>\n\n\n<p class=\"has-text-align-center\" style=\"margin-top:1rem\"><strong style=\"font-size:1.1em\">Yavuz At\u0131lkan<\/strong><br \/><em>Lisans<\/em><\/p>\n\n\n\n<p class=\"has-text-align-center\" style=\"margin-top:0.5rem\"><em><\/em><\/p>\n<\/div><\/div>\n<\/div>\n\n\n\n<div class=\"wp-block-column is-layout-flow wp-block-column-is-layout-flow\">\n<div class=\"wp-block-group has-white-background-color has-background\" style=\"border-color:#e0e0e0;border-width:1px;border-radius:12px;padding-top:1.5rem;padding-right:1.5rem;padding-bottom:1.5rem;padding-left:1.5rem\"><div class=\"wp-block-group__inner-container is-layout-flow wp-block-group-is-layout-flow\"><div class=\"wp-block-image\">\n<figure class=\"aligncenter size-full is-resized\" style=\"border-radius:50%\"><img loading=\"lazy\" decoding=\"async\" width=\"924\" height=\"1024\" src=\"https:\/\/blog.metu.edu.tr\/e265438\/files\/2025\/05\/WhatsApp-Image-2025-05-29-at-21.46.26-924x1024.jpeg\" alt=\"\" class=\"wp-image-177\" style=\"border-radius:50%;width:150px;height:150px;object-fit:cover\" srcset=\"https:\/\/blog.metu.edu.tr\/e265438\/files\/2025\/05\/WhatsApp-Image-2025-05-29-at-21.46.26-924x1024.jpeg 924w, https:\/\/blog.metu.edu.tr\/e265438\/files\/2025\/05\/WhatsApp-Image-2025-05-29-at-21.46.26-271x300.jpeg 271w, https:\/\/blog.metu.edu.tr\/e265438\/files\/2025\/05\/WhatsApp-Image-2025-05-29-at-21.46.26-768x851.jpeg 768w, https:\/\/blog.metu.edu.tr\/e265438\/files\/2025\/05\/WhatsApp-Image-2025-05-29-at-21.46.26-1386x1536.jpeg 1386w, https:\/\/blog.metu.edu.tr\/e265438\/files\/2025\/05\/WhatsApp-Image-2025-05-29-at-21.46.26.jpeg 1444w\" sizes=\"auto, (max-width: 924px) 100vw, 924px\" \/><\/figure>\n<\/div>\n\n\n<p class=\"has-text-align-center\" style=\"margin-top:1rem\"><strong style=\"font-size:1.1em\">Esra Buse \u00c7etin<\/strong><br \/><em>Lisans<\/em><\/p>\n\n\n\n<p class=\"has-text-align-center\" style=\"margin-top:0.5rem\"><em><\/em><\/p>\n<\/div><\/div>\n<\/div>\n<\/div>\n\n\n\n<div class=\"wp-block-columns is-layout-flex wp-container-core-columns-is-layout-52aec165 wp-block-columns-is-layout-flex\" style=\"margin-bottom:2rem\">\n<div class=\"wp-block-column is-layout-flow wp-block-column-is-layout-flow\">\n<div class=\"wp-block-group has-white-background-color has-background\" style=\"border-color:#e0e0e0;border-width:1px;border-radius:12px;padding-top:1.5rem;padding-right:1.5rem;padding-bottom:1.5rem;padding-left:1.5rem\"><div class=\"wp-block-group__inner-container is-layout-flow wp-block-group-is-layout-flow\"><div class=\"wp-block-image\">\n<figure class=\"aligncenter size-full is-resized\" style=\"border-radius:50%\"><img loading=\"lazy\" decoding=\"async\" width=\"1024\" height=\"1024\" src=\"https:\/\/blog.metu.edu.tr\/e265438\/files\/2025\/05\/WhatsApp-Image-2025-05-29-at-21.19.12-1024x1024.jpeg\" alt=\"\" class=\"wp-image-174\" style=\"border-radius:50%;width:150px;height:150px;object-fit:cover\" srcset=\"https:\/\/blog.metu.edu.tr\/e265438\/files\/2025\/05\/WhatsApp-Image-2025-05-29-at-21.19.12-1024x1024.jpeg 1024w, https:\/\/blog.metu.edu.tr\/e265438\/files\/2025\/05\/WhatsApp-Image-2025-05-29-at-21.19.12-300x300.jpeg 300w, https:\/\/blog.metu.edu.tr\/e265438\/files\/2025\/05\/WhatsApp-Image-2025-05-29-at-21.19.12-150x150.jpeg 150w, https:\/\/blog.metu.edu.tr\/e265438\/files\/2025\/05\/WhatsApp-Image-2025-05-29-at-21.19.12-768x768.jpeg 768w, https:\/\/blog.metu.edu.tr\/e265438\/files\/2025\/05\/WhatsApp-Image-2025-05-29-at-21.19.12-1536x1536.jpeg 1536w, https:\/\/blog.metu.edu.tr\/e265438\/files\/2025\/05\/WhatsApp-Image-2025-05-29-at-21.19.12-375x375.jpeg 375w, https:\/\/blog.metu.edu.tr\/e265438\/files\/2025\/05\/WhatsApp-Image-2025-05-29-at-21.19.12.jpeg 2048w\" sizes=\"auto, (max-width: 1024px) 100vw, 1024px\" \/><\/figure>\n<\/div>\n\n\n<p class=\"has-text-align-center\" style=\"margin-top:1rem\"><strong style=\"font-size:1.1em\">Sinan Harun Kavakl\u0131<\/strong><br \/><em>Lisans<\/em><\/p>\n\n\n\n<p class=\"has-text-align-center\" style=\"margin-top:0.5rem\"><em>Baykar Teknoloji<\/em><\/p>\n<\/div><\/div>\n<\/div>\n\n\n\n<div class=\"wp-block-column is-layout-flow wp-block-column-is-layout-flow\">\n<div class=\"wp-block-group has-white-background-color has-background\" style=\"border-color:#e0e0e0;border-width:1px;border-radius:12px;padding-top:1.5rem;padding-right:1.5rem;padding-bottom:1.5rem;padding-left:1.5rem\"><div class=\"wp-block-group__inner-container is-layout-flow wp-block-group-is-layout-flow\"><div class=\"wp-block-image\">\n<figure class=\"aligncenter size-full is-resized\" style=\"border-radius:50%\"><img loading=\"lazy\" decoding=\"async\" width=\"800\" height=\"800\" src=\"https:\/\/blog.metu.edu.tr\/e265438\/files\/2025\/05\/WhatsApp-Image-2025-05-29-at-21.21.17.jpeg\" alt=\"\" class=\"wp-image-176\" style=\"border-radius:50%;width:150px;height:150px;object-fit:cover\" srcset=\"https:\/\/blog.metu.edu.tr\/e265438\/files\/2025\/05\/WhatsApp-Image-2025-05-29-at-21.21.17.jpeg 800w, https:\/\/blog.metu.edu.tr\/e265438\/files\/2025\/05\/WhatsApp-Image-2025-05-29-at-21.21.17-300x300.jpeg 300w, https:\/\/blog.metu.edu.tr\/e265438\/files\/2025\/05\/WhatsApp-Image-2025-05-29-at-21.21.17-150x150.jpeg 150w, https:\/\/blog.metu.edu.tr\/e265438\/files\/2025\/05\/WhatsApp-Image-2025-05-29-at-21.21.17-768x768.jpeg 768w, https:\/\/blog.metu.edu.tr\/e265438\/files\/2025\/05\/WhatsApp-Image-2025-05-29-at-21.21.17-375x375.jpeg 375w\" sizes=\"auto, (max-width: 800px) 100vw, 800px\" \/><\/figure>\n<\/div>\n\n\n<p class=\"has-text-align-center\" style=\"margin-top:1rem\"><strong style=\"font-size:1.1em\">Muhammed Faruk Kele\u015f<\/strong><br \/><em>Lisans<\/em><\/p>\n\n\n\n<p class=\"has-text-align-center\" style=\"margin-top:0.5rem\"><em><\/em><\/p>\n<\/div><\/div>\n<\/div>\n<\/div>\n\n\n\n\n<div class=\"wp-block-columns is-layout-flex wp-container-core-columns-is-layout-52aec165 wp-block-columns-is-layout-flex\" style=\"margin-bottom:2rem\">\n<div class=\"wp-block-column is-layout-flow wp-block-column-is-layout-flow\">\n<div class=\"wp-block-group has-white-background-color has-background\" style=\"border-color:#e0e0e0;border-width:1px;border-radius:12px;padding-top:1.5rem;padding-right:1.5rem;padding-bottom:1.5rem;padding-left:1.5rem\"><div class=\"wp-block-group__inner-container is-layout-flow wp-block-group-is-layout-flow\"><div class=\"wp-block-image\">\n<figure class=\"aligncenter size-full is-resized\" style=\"border-radius:50%\"><img loading=\"lazy\" decoding=\"async\" width=\"623\" height=\"662\" src=\"https:\/\/blog.metu.edu.tr\/e265438\/files\/2025\/10\/Picture1.jpg\" alt=\"\" class=\"wp-image-202\" style=\"border-radius:50%;width:150px;height:150px;object-fit:cover\" srcset=\"https:\/\/blog.metu.edu.tr\/e265438\/files\/2025\/10\/Picture1.jpg 623w, https:\/\/blog.metu.edu.tr\/e265438\/files\/2025\/10\/Picture1-282x300.jpg 282w\" sizes=\"auto, (max-width: 623px) 100vw, 623px\" \/><\/figure>\n<\/div>\n\n\n<p class=\"has-text-align-center\" style=\"margin-top:1rem\"><strong style=\"font-size:1.1em\">Recayi Murat K\u00f6se<\/strong><br \/><em>Lisans<\/em><\/p>\n\n\n\n<p class=\"has-text-align-center\" style=\"margin-top:0.5rem\"><em>Baykar Teknoloji<\/em><\/p>\n<\/div><\/div>\n<\/div>\n\n\n\n<div class=\"wp-block-column is-layout-flow wp-block-column-is-layout-flow\">\n<div class=\"wp-block-group has-white-background-color has-background\" style=\"border-color:#e0e0e0;border-width:1px;border-radius:12px;padding-top:1.5rem;padding-right:1.5rem;padding-bottom:1.5rem;padding-left:1.5rem\"><div class=\"wp-block-group__inner-container is-layout-flow wp-block-group-is-layout-flow\"><div class=\"wp-block-image\">\n<figure class=\"aligncenter size-full is-resized\" style=\"border-radius:50%\"><img decoding=\"async\" src=\"https:\/\/blog.metu.edu.tr\/e265438\/files\/2026\/02\/emil.jpeg\" alt=\"\" class=\"wp-image-YYY\" style=\"border-radius:50%;width:150px;height:150px;object-fit:cover\" \/><\/figure>\n<\/div>\n\n\n<p class=\"has-text-align-center\" style=\"margin-top:1rem\"><strong style=\"font-size:1.1em\">Emil Mammadli<\/strong><br \/><em>Lisans<\/em><\/p>\n\n\n\n<p class=\"has-text-align-center\" style=\"margin-top:0.5rem\"><em><\/em><\/p>\n<\/div><\/div>\n<\/div>\n<\/div>\n","protected":false},"excerpt":{"rendered":"<p>Proje Y\u00fcr\u00fct\u00fcc\u00fcs\u00fc Doktora \u00d6\u011frencileri Y\u00fcksek Lisans \u00d6\u011frencileri Lisans \u00d6\u011frencileri Do\u011fukan G\u00fcndem4. S\u0131n\u0131fBursiyer Yeni \u00dcyeEklenecek Yeni \u00dcyeEklenecek Yeni \u00dcyeEklenecek Proje Eski \u00c7al\u0131\u015fanlar\u0131 Yavuz At\u0131lkanLisans Esra Buse \u00c7etinLisans Sinan Harun Kavakl\u0131Lisans Baykar Teknoloji Muhammed Faruk Kele\u015fLisans Recayi Murat K\u00f6seLisans Baykar Teknoloji Emil &hellip; <a href=\"https:\/\/blog.metu.edu.tr\/e265438\/ekip-uyeleri\/\">Continue reading <span class=\"meta-nav\">&rarr;<\/span><\/a><\/p>\n","protected":false},"author":9337,"featured_media":0,"parent":0,"menu_order":0,"comment_status":"closed","ping_status":"closed","template":"","meta":{"footnotes":"","_links_to":"","_links_to_target":""},"class_list":["post-11","page","type-page","status-publish","hentry"],"_links":{"self":[{"href":"https:\/\/blog.metu.edu.tr\/e265438\/wp-json\/wp\/v2\/pages\/11","targetHints":{"allow":["GET"]}}],"collection":[{"href":"https:\/\/blog.metu.edu.tr\/e265438\/wp-json\/wp\/v2\/pages"}],"about":[{"href":"https:\/\/blog.metu.edu.tr\/e265438\/wp-json\/wp\/v2\/types\/page"}],"author":[{"embeddable":true,"href":"https:\/\/blog.metu.edu.tr\/e265438\/wp-json\/wp\/v2\/users\/9337"}],"replies":[{"embeddable":true,"href":"https:\/\/blog.metu.edu.tr\/e265438\/wp-json\/wp\/v2\/comments?post=11"}],"version-history":[{"count":0,"href":"https:\/\/blog.metu.edu.tr\/e265438\/wp-json\/wp\/v2\/pages\/11\/revisions"}],"wp:attachment":[{"href":"https:\/\/blog.metu.edu.tr\/e265438\/wp-json\/wp\/v2\/media?parent=11"}],"curies":[{"name":"wp","href":"https:\/\/api.w.org\/{rel}","templated":true}]}}