{"id":31,"date":"2024-02-15T22:46:51","date_gmt":"2024-02-15T19:46:51","guid":{"rendered":"https:\/\/blog.metu.edu.tr\/e262006\/?page_id=31"},"modified":"2024-02-15T22:46:52","modified_gmt":"2024-02-15T19:46:52","slug":"firca-ve-tuvalle-yeniden-dogus","status":"publish","type":"page","link":"https:\/\/blog.metu.edu.tr\/e262006\/firca-ve-tuvalle-yeniden-dogus\/","title":{"rendered":"F\u0131r\u00e7a ve Tuvalle Yeniden Do\u011fu\u015f"},"content":{"rendered":"\n<p>\u00d6zlem, \u00e7ocuklu\u011fundan beri resim yapmay\u0131 \u00e7ok sevmi\u015fti. Renklerle dans eden, hayallerini tuvale d\u00f6ken k\u00fc\u00e7\u00fck bir sanat\u00e7\u0131yd\u0131. B\u00fcy\u00fcd\u00fc\u011f\u00fcnde ise ressam olma hayaliyle dolup ta\u015fan bir gen\u00e7 k\u0131z haline geldi. G\u00fczel Sanatlar Fak\u00fcltesi&#8217;ne ba\u015flad\u0131\u011f\u0131nda, hayallerine bir ad\u0131m daha yakla\u015fman\u0131n heyecan\u0131n\u0131 ya\u015fad\u0131. Ancak, bir g\u00fcn yap\u0131lan rutin bir sa\u011fl\u0131k kontrol\u00fcnde ald\u0131\u011f\u0131 haber t\u00fcm umutlar\u0131n\u0131 alt\u00fcst etti.<\/p>\n\n\n\n<p>Kan ve <a href=\"https:\/\/urolojidunyasi.com\/regl-iken-idrar-tahlili-verilir-mi\/\"><strong>idrar tahlili<\/strong><\/a> sonu\u00e7lar\u0131, <a href=\"https:\/\/urolojidunyasi.com\/bobrekte-protein-kacagi-oldurur-mu\/\"><strong>b\u00f6brekte protein ka\u00e7a\u011f\u0131<\/strong><\/a> oldu\u011funu g\u00f6sterdi. Bu durum, hayat\u0131n\u0131n ak\u0131\u015f\u0131n\u0131 beklenmedik bir \u015fekilde de\u011fi\u015ftirdi. \u00d6zlem, h\u0131zl\u0131 bir tedavi s\u00fcrecine girmek zorunda kald\u0131 ve sevdi\u011fi okuluna bir s\u00fcre ara vermek zorunda kald\u0131. Tedavisini, annesinin ya\u015fad\u0131\u011f\u0131 ve \u00e7ocuklu\u011funu ge\u00e7irdi\u011fi Fethiye il\u00e7esinde s\u00fcrd\u00fcrmeye karar verdi.<\/p>\n\n\n\n<p>Fethiye&#8217;ye d\u00f6nd\u00fc\u011f\u00fcnde, ilkokul arkada\u015flar\u0131 onu b\u00fcy\u00fck bir sevgiyle kar\u015f\u0131lad\u0131. Arkada\u015flar\u0131yla yeniden bir araya gelmek, \u00d6zlem&#8217;in moralini y\u00fckseltti ve psikolojik olarak da tedavisine destek oldu. Hastal\u0131\u011f\u0131yla m\u00fccadele ederken bile, tuval ve f\u0131r\u00e7alar\u0131ndan uzak kalmamak i\u00e7in \u00e7aba g\u00f6sterdi.<\/p>\n\n\n\n<p>Zorlu tedavi s\u00fcrecinin ard\u0131ndan iyile\u015fen \u00d6zlem, okuluna geri d\u00f6nmeye karar verdi. Sevdi\u011fi tuvaline ve resim f\u0131r\u00e7as\u0131na tekrar kavu\u015fman\u0131n mutlulu\u011fuyla doluydu. Art\u0131k, hayallerini renklendirecek ve duygular\u0131n\u0131 tuvale aktaracak yeni bir ba\u015flang\u0131ca haz\u0131rd\u0131.<\/p>\n\n\n\n<p>\u00d6zlem&#8217;in hikayesi, ya\u015fad\u0131\u011f\u0131 zorluklara ra\u011fmen hayalinden vazge\u00e7meyen bir ruhun \u00f6yk\u00fcs\u00fcyd\u00fc. Onun kararl\u0131l\u0131\u011f\u0131 ve sevgi dolu arkada\u015flar\u0131yla ge\u00e7irdi\u011fi zamanlar, iyile\u015fme s\u00fcrecindeki en b\u00fcy\u00fck destek\u00e7ileriydi. Hayat, bazen beklenmedik s\u00fcrprizlerle dolu olabilir, ama \u00f6nemli olan pes etmeden ve sevdiklerimizin deste\u011fiyle ayakta kalmakt\u0131r. \u00d6zlem&#8217;in hikayesi, umut dolu bir ilham kayna\u011f\u0131 olarak herkesin y\u00fcre\u011fine dokunuyordu.<\/p>\n","protected":false},"excerpt":{"rendered":"<p>\u00d6zlem, \u00e7ocuklu\u011fundan beri resim yapmay\u0131 \u00e7ok sevmi\u015fti. Renklerle dans eden, hayallerini tuvale d\u00f6ken k\u00fc\u00e7\u00fck bir sanat\u00e7\u0131yd\u0131. B\u00fcy\u00fcd\u00fc\u011f\u00fcnde ise ressam olma hayaliyle dolup ta\u015fan bir gen\u00e7 k\u0131z haline geldi. G\u00fczel Sanatlar Fak\u00fcltesi&#8217;ne ba\u015flad\u0131\u011f\u0131nda, hayallerine bir ad\u0131m daha yakla\u015fman\u0131n heyecan\u0131n\u0131 ya\u015fad\u0131. Ancak, bir g\u00fcn yap\u0131lan rutin bir sa\u011fl\u0131k kontrol\u00fcnde ald\u0131\u011f\u0131 haber t\u00fcm umutlar\u0131n\u0131 alt\u00fcst etti. Kan ve [&hellip;]<\/p>\n","protected":false},"author":8973,"featured_media":0,"parent":0,"menu_order":0,"comment_status":"closed","ping_status":"closed","template":"","meta":{"footnotes":"","_links_to":"","_links_to_target":""},"class_list":["post-31","page","type-page","status-publish","hentry"],"_links":{"self":[{"href":"https:\/\/blog.metu.edu.tr\/e262006\/wp-json\/wp\/v2\/pages\/31","targetHints":{"allow":["GET"]}}],"collection":[{"href":"https:\/\/blog.metu.edu.tr\/e262006\/wp-json\/wp\/v2\/pages"}],"about":[{"href":"https:\/\/blog.metu.edu.tr\/e262006\/wp-json\/wp\/v2\/types\/page"}],"author":[{"embeddable":true,"href":"https:\/\/blog.metu.edu.tr\/e262006\/wp-json\/wp\/v2\/users\/8973"}],"replies":[{"embeddable":true,"href":"https:\/\/blog.metu.edu.tr\/e262006\/wp-json\/wp\/v2\/comments?post=31"}],"version-history":[{"count":0,"href":"https:\/\/blog.metu.edu.tr\/e262006\/wp-json\/wp\/v2\/pages\/31\/revisions"}],"wp:attachment":[{"href":"https:\/\/blog.metu.edu.tr\/e262006\/wp-json\/wp\/v2\/media?parent=31"}],"curies":[{"name":"wp","href":"https:\/\/api.w.org\/{rel}","templated":true}]}}