{"id":101,"date":"2025-01-06T20:26:34","date_gmt":"2025-01-06T20:26:34","guid":{"rendered":"https:\/\/blog.metu.edu.tr\/e250848\/?page_id=101"},"modified":"2025-01-06T20:26:34","modified_gmt":"2025-01-06T20:26:34","slug":"help-page","status":"publish","type":"page","link":"https:\/\/blog.metu.edu.tr\/e250848\/help-page\/","title":{"rendered":"Help Page"},"content":{"rendered":"<p>In this blog we introduce understanding and managing game addiction. This topic consists of 3 parts. The first part is on G\u00fcng\u00f6r Sena Bal\u2019s blog, the second part is on Selim Karaku\u015f\u2019s blog and the last part is on Eren Bar\u0131\u015f Ba\u015fdemir\u2019s blog. Don\u2019t forget to visit the others! If you have any questions, please contact us:<\/p>\n<p>Eren Bar\u0131\u015f Ba\u015fdemir: e256734@metu.edu.tr<\/p>\n<p>Selim Karaku\u015f: e250848@metu.edu.tr<\/p>\n<p>G\u00fcng\u00f6r Sena Bal: e237313@metu.edu.tr<\/p>\n","protected":false},"excerpt":{"rendered":"<p>In this blog we introduce understanding and managing game addiction. This topic consists of 3 parts. The first part is on G\u00fcng\u00f6r Sena Bal\u2019s blog, the second part is on Selim Karaku\u015f\u2019s blog and the last part is on Eren Bar\u0131\u015f Ba\u015fdemir\u2019s blog. Don\u2019t forget to visit the others! If you have any questions, please [&hellip;]<\/p>\n","protected":false},"author":8333,"featured_media":0,"parent":0,"menu_order":0,"comment_status":"closed","ping_status":"closed","template":"","meta":{"footnotes":"","_links_to":"","_links_to_target":""},"class_list":["post-101","page","type-page","status-publish","hentry"],"_links":{"self":[{"href":"https:\/\/blog.metu.edu.tr\/e250848\/wp-json\/wp\/v2\/pages\/101","targetHints":{"allow":["GET"]}}],"collection":[{"href":"https:\/\/blog.metu.edu.tr\/e250848\/wp-json\/wp\/v2\/pages"}],"about":[{"href":"https:\/\/blog.metu.edu.tr\/e250848\/wp-json\/wp\/v2\/types\/page"}],"author":[{"embeddable":true,"href":"https:\/\/blog.metu.edu.tr\/e250848\/wp-json\/wp\/v2\/users\/8333"}],"replies":[{"embeddable":true,"href":"https:\/\/blog.metu.edu.tr\/e250848\/wp-json\/wp\/v2\/comments?post=101"}],"version-history":[{"count":0,"href":"https:\/\/blog.metu.edu.tr\/e250848\/wp-json\/wp\/v2\/pages\/101\/revisions"}],"wp:attachment":[{"href":"https:\/\/blog.metu.edu.tr\/e250848\/wp-json\/wp\/v2\/media?parent=101"}],"curies":[{"name":"wp","href":"https:\/\/api.w.org\/{rel}","templated":true}]}}