{"id":2,"date":"2026-02-16T21:18:59","date_gmt":"2026-02-16T21:18:59","guid":{"rendered":"https:\/\/blog.metu.edu.tr\/e250114\/?page_id=2"},"modified":"2026-03-05T17:23:00","modified_gmt":"2026-03-05T17:23:00","slug":"sample-page","status":"publish","type":"page","link":"https:\/\/blog.metu.edu.tr\/e250114\/","title":{"rendered":"Methis Sempozyumu 2026"},"content":{"rendered":"\n<p>ODT\u00dc Tarih B\u00f6l\u00fcm\u00fc lisans\u00fcst\u00fc \u00f6\u011frencileri taraf\u0131ndan, tamamen \u00f6\u011frenci inisiyatifiyle hayata ge\u00e7irilen <strong>METHIS Tarih Sempozyumu<\/strong>, bu y\u0131l <strong>5-6 Haziran 2026<\/strong> tarihlerinde ODT\u00dc Sosyal Bilimler Binas\u0131nda ger\u00e7ekle\u015fecektir.<\/p>\n\n\n\n<p><strong>&#8220;Tarihte Konseptler&#8221;<\/strong> ana temas\u0131yla yola \u00e7\u0131kt\u0131\u011f\u0131m\u0131z bu bulu\u015fmam\u0131zda amac\u0131m\u0131z; tarih yaz\u0131m\u0131ndaki temel kavramlar\u0131 yeniden tart\u0131\u015fmaya a\u00e7mak, gen\u00e7 ara\u015ft\u0131rmac\u0131lar\u0131 ortak bir platformda bir araya getirmek ve verimli bir akademik payla\u015f\u0131m ortam\u0131 yaratmakt\u0131r.<\/p>\n\n\n\n<p id=\"giri\u015f\">Sempozyumumuz; iktisat tarihinden sosyal tarihe, bilim tarihinden d\u00fc\u015f\u00fcnce tarihine kadar uzanan geni\u015f bir yelpazede, \u00fclkemizin farkl\u0131 \u00fcniversitelerinden gelen ara\u015ft\u0131rmac\u0131lar\u0131n perspektiflerini harmanlamay\u0131 hedeflemektedir. Gen\u00e7 akademisyenler aras\u0131ndaki bilimsel etkile\u015fimi art\u0131rmay\u0131 ve akademik \u00fcretimi te\u015fvik etmeyi ilke edinen bu proje, tarihin kavramsal s\u0131n\u0131rlar\u0131n\u0131 birlikte ke\u015ffetmek isteyen herkesi ODT\u00dc\u2019n\u00fcn akademik atmosferinde bulu\u015fmaya davet ediyor.<\/p>\n\n\n\n<p class=\"has-black-color has-text-color has-link-color wp-elements-cbbe8dcc963fbdb3c9a458cba3de661b\"><strong>Detayl\u0131 Bilgiye A\u015fa\u011f\u0131daki Linklerden Ula\u015fabilirsiniz: <\/strong><\/p>\n\n\n\n<p class=\"has-text-color has-link-color wp-elements-52be7950fb1a85f7fb12c52d8e5ce9df\" style=\"color:#1a1299\"><a href=\"https:\/\/blog.metu.edu.tr\/e250114\/2026\/03\/05\/makale-cagrisi\/\" data-type=\"post\" data-id=\"18\">Makale \u00c7a\u011fr\u0131s\u0131<\/a> <\/p>\n\n\n\n<p class=\"has-text-color has-link-color wp-elements-15b9fb2f5aee844d0d79d979417f7543\" style=\"color:#1a1299\"><a href=\"https:\/\/blog.metu.edu.tr\/e250114\/2026\/03\/05\/bilim-kurulu\/\" data-type=\"post\" data-id=\"29\">Bilim Kurulu<\/a><\/p>\n\n\n\n<p><\/p>\n\n\n\n<p><\/p>\n","protected":false},"excerpt":{"rendered":"<p>ODT\u00dc Tarih B\u00f6l\u00fcm\u00fc lisans\u00fcst\u00fc \u00f6\u011frencileri taraf\u0131ndan, tamamen \u00f6\u011frenci inisiyatifiyle hayata ge\u00e7irilen METHIS Tarih Sempozyumu, bu y\u0131l 5-6 Haziran 2026 tarihlerinde ODT\u00dc Sosyal Bilimler Binas\u0131nda ger\u00e7ekle\u015fecektir. &#8220;Tarihte Konseptler&#8221; ana temas\u0131yla yola \u00e7\u0131kt\u0131\u011f\u0131m\u0131z bu bulu\u015fmam\u0131zda amac\u0131m\u0131z; tarih yaz\u0131m\u0131ndaki temel kavramlar\u0131 yeniden tart\u0131\u015fmaya a\u00e7mak, gen\u00e7 ara\u015ft\u0131rmac\u0131lar\u0131 ortak bir platformda bir araya getirmek ve verimli bir akademik payla\u015f\u0131m ortam\u0131 [&hellip;]<\/p>\n","protected":false},"author":9534,"featured_media":0,"parent":0,"menu_order":0,"comment_status":"closed","ping_status":"open","template":"","meta":{"footnotes":"","_links_to":"","_links_to_target":""},"class_list":["post-2","page","type-page","status-publish","hentry"],"_links":{"self":[{"href":"https:\/\/blog.metu.edu.tr\/e250114\/wp-json\/wp\/v2\/pages\/2","targetHints":{"allow":["GET"]}}],"collection":[{"href":"https:\/\/blog.metu.edu.tr\/e250114\/wp-json\/wp\/v2\/pages"}],"about":[{"href":"https:\/\/blog.metu.edu.tr\/e250114\/wp-json\/wp\/v2\/types\/page"}],"author":[{"embeddable":true,"href":"https:\/\/blog.metu.edu.tr\/e250114\/wp-json\/wp\/v2\/users\/9534"}],"replies":[{"embeddable":true,"href":"https:\/\/blog.metu.edu.tr\/e250114\/wp-json\/wp\/v2\/comments?post=2"}],"version-history":[{"count":0,"href":"https:\/\/blog.metu.edu.tr\/e250114\/wp-json\/wp\/v2\/pages\/2\/revisions"}],"wp:attachment":[{"href":"https:\/\/blog.metu.edu.tr\/e250114\/wp-json\/wp\/v2\/media?parent=2"}],"curies":[{"name":"wp","href":"https:\/\/api.w.org\/{rel}","templated":true}]}}