{"id":80,"date":"2017-11-27T06:32:09","date_gmt":"2017-11-27T06:32:09","guid":{"rendered":"http:\/\/blog.metu.edu.tr\/dal\/?page_id=80"},"modified":"2018-01-29T22:37:22","modified_gmt":"2018-01-29T22:37:22","slug":"contact","status":"publish","type":"page","link":"https:\/\/blog.metu.edu.tr\/dal\/contact\/","title":{"rendered":"Contact"},"content":{"rendered":"<address><span style=\"font-style: normal\"><strong>E-mail: <\/strong><a href=\"mailto:dal@metu.edu.tr\">dal@metu.edu.tr<\/a><\/span><\/address>\n<address><span style=\"font-style: normal\"><strong>Address 1:<\/strong><br \/>\nBilimsel Ara\u015ft\u0131rma Projeleri Koordinasyon Birimi<br \/>\n<\/span><span style=\"font-style: normal\">Orta Do\u011fu Teknik \u00dcniversitesi<br \/>\n\u00dcniversiteler Mahallesi,Dumlup\u0131nar Bulvar\u0131 No:1<br \/>\n06800 \u00c7ankaya Ankara\/T\u00dcRK\u0130YE<br \/>\n<\/span><span style=\"font-style: normal\"><strong>Fax: <\/strong>+90 (0312) 210 3591<br \/>\n<strong>Tel:<\/strong>+90 (0312) 210 3578<\/span><\/address>\n<address><span style=\"font-style: normal\"><strong>Address 2:<br \/>\n<\/strong><\/span><span style=\"font-style: normal\">Orta Do\u011fu Teknik \u00dcniversitesi<br \/>\n<\/span><span style=\"font-style: normal\">Makina M\u00fchendisli\u011fi B\u00f6l\u00fcm\u00fc E203<br \/>\n\u00dcniversiteler Mahallesi,Dumlup\u0131nar Bulvar\u0131 No:1<br \/>\n06800 \u00c7ankaya Ankara\/T\u00dcRK\u0130YE<br \/>\n<\/span><span style=\"font-style: normal\"><strong>Tel:\u00a0<\/strong>+90 (0312) 210 2584<br \/>\n<strong>Fax:<\/strong>\u00a0+90 (0312) 210 2536<\/span><\/address>\n","protected":false},"excerpt":{"rendered":"<p>E-mail: dal@metu.edu.tr Address 1: Bilimsel Ara\u015ft\u0131rma Projeleri Koordinasyon Birimi Orta Do\u011fu Teknik \u00dcniversitesi \u00dcniversiteler Mahallesi,Dumlup\u0131nar Bulvar\u0131 No:1 06800 \u00c7ankaya Ankara\/T\u00dcRK\u0130YE Fax: +90 (0312) 210 3591 Tel:+90 (0312) 210 3578 Address 2: Orta Do\u011fu Teknik \u00dcniversitesi Makina M\u00fchendisli\u011fi B\u00f6l\u00fcm\u00fc E203 \u00dcniversiteler Mahallesi,Dumlup\u0131nar Bulvar\u0131 No:1 06800 \u00c7ankaya Ankara\/T\u00dcRK\u0130YE Tel:\u00a0+90 (0312) 210 2584 Fax:\u00a0+90 (0312) 210 2536<\/p>\n","protected":false},"author":5191,"featured_media":0,"parent":0,"menu_order":0,"comment_status":"closed","ping_status":"closed","template":"","meta":{"footnotes":"","_links_to":"","_links_to_target":""},"class_list":["post-80","page","type-page","status-publish","hentry"],"_links":{"self":[{"href":"https:\/\/blog.metu.edu.tr\/dal\/wp-json\/wp\/v2\/pages\/80","targetHints":{"allow":["GET"]}}],"collection":[{"href":"https:\/\/blog.metu.edu.tr\/dal\/wp-json\/wp\/v2\/pages"}],"about":[{"href":"https:\/\/blog.metu.edu.tr\/dal\/wp-json\/wp\/v2\/types\/page"}],"author":[{"embeddable":true,"href":"https:\/\/blog.metu.edu.tr\/dal\/wp-json\/wp\/v2\/users\/5191"}],"replies":[{"embeddable":true,"href":"https:\/\/blog.metu.edu.tr\/dal\/wp-json\/wp\/v2\/comments?post=80"}],"version-history":[{"count":0,"href":"https:\/\/blog.metu.edu.tr\/dal\/wp-json\/wp\/v2\/pages\/80\/revisions"}],"wp:attachment":[{"href":"https:\/\/blog.metu.edu.tr\/dal\/wp-json\/wp\/v2\/media?parent=80"}],"curies":[{"name":"wp","href":"https:\/\/api.w.org\/{rel}","templated":true}]}}