{"id":54,"date":"2015-11-02T21:28:59","date_gmt":"2015-11-02T18:28:59","guid":{"rendered":"http:\/\/blog.metu.edu.tr\/ceitech\/?page_id=54"},"modified":"2015-11-04T13:34:40","modified_gmt":"2015-11-04T10:34:40","slug":"panel-videolari","status":"publish","type":"page","link":"https:\/\/blog.metu.edu.tr\/ceitech\/panel-videolari\/","title":{"rendered":"Panel Videolar\u0131"},"content":{"rendered":"<p>Panel.ce.metu.edu.tr sitesinin yard\u0131mc\u0131 videolar\u0131na a\u015fa\u011f\u0131dan ula\u015fabilirsiniz:<\/p>\n<ul>\n<li><a href=\"https:\/\/www.youtube.com\/watch?v=X-0HAKobPV4\" target=\"_blank\">Ki\u015fisel bilgi g\u00fcncelleme<\/a><\/li>\n<li><a href=\"https:\/\/www.youtube.com\/watch?v=2EVSP5Iow_0\" target=\"_blank\">Cihaz\u0131n\u0131z\u0131 kablolu a\u011fa kaydetme<\/a><\/li>\n<li><a href=\"https:\/\/www.youtube.com\/watch?v=bs51J7NNNuU\" target=\"_blank\">Oda ve derslik rezervasyonu<\/a><\/li>\n<li><a href=\"https:\/\/www.youtube.com\/watch?v=V6BGCZOSAtY\" target=\"_blank\">S\u0131nav rezervasyonu<\/a><\/li>\n<li><a href=\"https:\/\/www.youtube.com\/watch?v=4toqJFw5JHk\" target=\"_blank\">Sorun (ticket) bildirme<\/a><\/li>\n<\/ul>\n","protected":false},"excerpt":{"rendered":"<p>Panel.ce.metu.edu.tr sitesinin yard\u0131mc\u0131 videolar\u0131na a\u015fa\u011f\u0131dan ula\u015fabilirsiniz: Ki\u015fisel bilgi g\u00fcncelleme Cihaz\u0131n\u0131z\u0131 kablolu a\u011fa kaydetme Oda ve derslik rezervasyonu S\u0131nav rezervasyonu Sorun (ticket) bildirme<\/p>\n","protected":false},"author":3630,"featured_media":0,"parent":0,"menu_order":0,"comment_status":"closed","ping_status":"closed","template":"","meta":{"footnotes":"","_links_to":"","_links_to_target":""},"class_list":["post-54","page","type-page","status-publish","hentry"],"_links":{"self":[{"href":"https:\/\/blog.metu.edu.tr\/ceitech\/wp-json\/wp\/v2\/pages\/54","targetHints":{"allow":["GET"]}}],"collection":[{"href":"https:\/\/blog.metu.edu.tr\/ceitech\/wp-json\/wp\/v2\/pages"}],"about":[{"href":"https:\/\/blog.metu.edu.tr\/ceitech\/wp-json\/wp\/v2\/types\/page"}],"author":[{"embeddable":true,"href":"https:\/\/blog.metu.edu.tr\/ceitech\/wp-json\/wp\/v2\/users\/3630"}],"replies":[{"embeddable":true,"href":"https:\/\/blog.metu.edu.tr\/ceitech\/wp-json\/wp\/v2\/comments?post=54"}],"version-history":[{"count":0,"href":"https:\/\/blog.metu.edu.tr\/ceitech\/wp-json\/wp\/v2\/pages\/54\/revisions"}],"wp:attachment":[{"href":"https:\/\/blog.metu.edu.tr\/ceitech\/wp-json\/wp\/v2\/media?parent=54"}],"curies":[{"name":"wp","href":"https:\/\/api.w.org\/{rel}","templated":true}]}}