{"id":333,"date":"2025-01-02T13:56:35","date_gmt":"2025-01-02T13:56:35","guid":{"rendered":"https:\/\/blog.metu.edu.tr\/ca18137\/?page_id=333"},"modified":"2025-01-02T14:00:48","modified_gmt":"2025-01-02T14:00:48","slug":"publications","status":"publish","type":"page","link":"https:\/\/blog.metu.edu.tr\/ca18137\/publications\/","title":{"rendered":"PUBLICATIONS"},"content":{"rendered":"\n<p>Akkar Ercan, M., Bech-Danielsen, C., Estaji, H., Goycoolea, R., Haumont, B., Ioannou, B., Nicolau, L., Nu\u00f1ez, P., Subic, S. (2023) Improving the Quality of Life and Sustainability for Middle-Class Mass Housing: Perspectives from a Stakeholder Workshop. Docomomo journal 68: 65-75. <a href=\"https:\/\/doi.org\/10.52200\/docomomo.68.07\">https:\/\/doi.org\/10.52200\/docomomo.68.07<\/a><\/p>\n\n\n\n<p>Akkar Ercan, M., &amp; U. Pottgieser (eds.) (2023) Public policies on Middle-Class Mass Housing in Europe and Leveraging Contemporary Architecture Interventions. DIN\u00c2MIA\u2019CET-IUL ISCTE, Lisbon, ISBN digital version: 978-989-781-863-9. <a href=\"https:\/\/mcmh.eu\/wp-content\/uploads\/2023\/12\/mcmh-wg-book_11.12.2023pdf.pdf\">https:\/\/mcmh.eu\/wp-content\/uploads\/2023\/12\/mcmh-wg-book_11.12.2023pdf.pdf<\/a><\/p>\n\n\n\n<ul class=\"wp-block-list\">\n<li>Akkar Ercan, M., Goycoolea Prado, R., Nunuez Marti, P., Tiryaki, \u0130.D., S\u00f6zeri, F.E. (2023) The Gardening School, in: Public policies on Middle-Class Mass Housing in Europe and Leveraging Contemporary Architecture Interventions. Akkar Ercan, M.; Pottgieser, U. (eds.). DIN\u00c2MIA\u2019CET-IUL ISCTE, Lisbon, pp. 48-55<\/li>\n\n\n\n<li>\u00c7oban, A.B., Abuzaid, H., Subic, S., Mushtaq, S., Haumont, B. (2023) Re-thinking the image of \u00dcmitk\u00f6y Sitesi, in: Public policies on Middle-Class Mass Housing in Europe and Leveraging Contemporary Architecture Interventions. Akkar Ercan, M.; Pottgieser, U. (eds.). DIN\u00c2MIA\u2019CET-IUL ISCTE, Lisbon, pp. 56-63<\/li>\n\n\n\n<li>Bech-Danielsen, C., Licolaou, L., Sar\u0131, A., Tok, F., Ayla, M., Tekin, H. (2023) Bold Move, in: Public policies on Middle-Class Mass Housing in Europe and Leveraging Contemporary Architecture Interventions. Akkar Ercan, M.; Pottgieser, U. (eds.). DIN\u00c2MIA\u2019CET-IUL ISCTE, Lisbon, pp. 64-71<\/li>\n\n\n\n<li>Can, N.N., Alt\u0131nba\u015f Kaptan, M., Engin, E., \u00d6zzade, A.S., Borushkina, S. (2023) Strategies for better shared grounds, in: Public policies on Middle-Class Mass Housing in Europe and Leveraging Contemporary Architecture Interventions. Akkar Ercan, M.; Pottgieser, U. (eds.). DIN\u00c2MIA\u2019CET-IUL ISCTE, Lisbon, pp. 72-81<\/li>\n\n\n\n<li>Estaji, H., Ioannou, B., G\u00fcney, B., Karado\u011fan, S. (2023) Bridge, in: Public policies on Middle-Class Mass Housing in Europe and Leveraging Contemporary Architecture Interventions. Akkar Ercan, M.; Pottgieser, U. (eds.). DIN\u00c2MIA\u2019CET-IUL ISCTE, Lisbon, pp. 82-90.<\/li>\n<\/ul>\n","protected":false},"excerpt":{"rendered":"<p>Akkar Ercan, M., Bech-Danielsen, C., Estaji, H., Goycoolea, R., Haumont, B., Ioannou, B., Nicolau, L., Nu\u00f1ez, P., Subic, S. (2023) Improving the Quality of Life and Sustainability for Middle-Class Mass Housing: Perspectives from a Stakeholder Workshop. Docomomo journal 68: 65-75. https:\/\/doi.org\/10.52200\/docomomo.68.07 Akkar Ercan, M., &amp; U. Pottgieser (eds.) (2023) Public policies on Middle-Class Mass Housing [&hellip;]<\/p>\n","protected":false},"author":8591,"featured_media":0,"parent":0,"menu_order":6,"comment_status":"closed","ping_status":"closed","template":"","meta":{"footnotes":"","_links_to":"","_links_to_target":""},"class_list":["post-333","page","type-page","status-publish","hentry"],"_links":{"self":[{"href":"https:\/\/blog.metu.edu.tr\/ca18137\/wp-json\/wp\/v2\/pages\/333","targetHints":{"allow":["GET"]}}],"collection":[{"href":"https:\/\/blog.metu.edu.tr\/ca18137\/wp-json\/wp\/v2\/pages"}],"about":[{"href":"https:\/\/blog.metu.edu.tr\/ca18137\/wp-json\/wp\/v2\/types\/page"}],"author":[{"embeddable":true,"href":"https:\/\/blog.metu.edu.tr\/ca18137\/wp-json\/wp\/v2\/users\/8591"}],"replies":[{"embeddable":true,"href":"https:\/\/blog.metu.edu.tr\/ca18137\/wp-json\/wp\/v2\/comments?post=333"}],"version-history":[{"count":0,"href":"https:\/\/blog.metu.edu.tr\/ca18137\/wp-json\/wp\/v2\/pages\/333\/revisions"}],"wp:attachment":[{"href":"https:\/\/blog.metu.edu.tr\/ca18137\/wp-json\/wp\/v2\/media?parent=333"}],"curies":[{"name":"wp","href":"https:\/\/api.w.org\/{rel}","templated":true}]}}