{"id":150,"date":"2022-11-02T15:25:13","date_gmt":"2022-11-02T15:25:13","guid":{"rendered":"https:\/\/blog.metu.edu.tr\/ayseguls\/?page_id=150"},"modified":"2022-12-02T19:16:03","modified_gmt":"2022-12-02T19:16:03","slug":"group-5","status":"publish","type":"page","link":"https:\/\/blog.metu.edu.tr\/ca18137\/projects\/group-5\/","title":{"rendered":"GROUP 5"},"content":{"rendered":"\n<p><strong>Members<\/strong><\/p>\n\n\n\n<ul class=\"wp-block-list\">\n<li>M\u00fcge AKKAR ERCAN<\/li>\n\n\n\n<li>Roberto GOYCOOLEA PRADO<\/li>\n\n\n\n<li>Paz NUNEZ MARTI<\/li>\n\n\n\n<li>Furkan Erdem S\u00d6ZER\u0130<\/li>\n\n\n\n<li>\u0130rem Duygu T\u0130RYAK\u0130<\/li>\n<\/ul>\n\n\n\n<figure class=\"wp-block-image size-full\"><img loading=\"lazy\" decoding=\"async\" width=\"778\" height=\"584\" src=\"https:\/\/blog.metu.edu.tr\/ca18137\/files\/2022\/11\/group_5.jpeg\" alt=\"\" class=\"wp-image-264\" srcset=\"https:\/\/blog.metu.edu.tr\/ca18137\/files\/2022\/11\/group_5.jpeg 778w, https:\/\/blog.metu.edu.tr\/ca18137\/files\/2022\/11\/group_5-300x225.jpeg 300w, https:\/\/blog.metu.edu.tr\/ca18137\/files\/2022\/11\/group_5-768x576.jpeg 768w, https:\/\/blog.metu.edu.tr\/ca18137\/files\/2022\/11\/group_5-624x468.jpeg 624w\" sizes=\"auto, (max-width: 778px) 100vw, 778px\" \/><\/figure>\n\n\n\n<p><strong><em>Reported by M\u00fcge AKKAR ERCAN, Furkan Erdem S\u00d6ZER\u0130 and \u0130rem Duygu T\u0130RYAK\u0130<\/em><\/strong><\/p>\n\n\n\n<p><strong><em>WHAT DOES THE SPACE WANT TO BE?<\/em><\/strong><\/p>\n\n\n\n<p>Group 5 focuses on developing an urban design methodology rather than some concrete design ideas for the \u00dcmitk\u00f6y MCMH site. The group agrees that design is not an outcome but a continuous process of creating a product, such as a project or a space. Without this process, it is hard to define a product. Based on this idea, the group describes an inclusive design process with several stages where different stakeholders are involved with different roles. The design methodology emphasizes the continuous involvement of stakeholders to achieve a sustainable outcome. For this reason, this project offers an endless design perspective. The outcomes never have an end. Once they exist, they become the input for another new design process. The second critical outcome of the project is to ask the residents what their housing neighborhood wants to be in twenty years. While the answers to this question are very generative, the residents&#8217; responses lead Group 5 to propose a regenerative idea: The Garden School, which is proposed as a regenerative site tool to contribute to the community through its economic, social and ecologic gains, will produce a &#8220;self-sufficient&#8221; neighborhood. Group 5 offers the idea of building the Garden School in the shared space, located in the middle of the housing site. Currently, the site is not used effectively. The school site will mostly have plant growth spaces, such as aromatic plants, to be sold in the School and the commercial center of the housing site to raise some funding to spend on common everyday needs of the community. It will also act as a gathering space for socializing for the residents. In the School, gardening and compost-making workshops, education for children, adults and other community groups will help create a community feeling again, which has been lost in the site over the 3-4 years. Building the Garden School will also develop an ecological renewal of the housing site by using organic compost making, renewing the earth in the gardens, and practicing the gardening ideas in the individual gardens of each apartment block. In this way, the \u00dcmitk\u00f6y Site will be physically and socially improved, and the residents&#8217; quality of life will be self-sufficiently and sustainably enhanced. Improving the physical image will generate a community feeling, and residents will start to be willing to become a part of the community of the housing site. With the help of the sales point and workshops, the site will earn economic income, and the site&#8217;s community will use this revenue to meet the \u00dcmitk\u00f6y Site&#8217;s needs without having to take money from the residents. The Garden School project offers a long-term, generative and inclusive design perspective. It also defines a &#8220;co-design&#8221; process with the residents\u2019 participation and bringing together the site&#8217;s social, economic and ecologic aspects.<\/p>\n\n\n\n<figure class=\"wp-block-image size-large is-resized\"><img loading=\"lazy\" decoding=\"async\" src=\"https:\/\/blog.metu.edu.tr\/ca18137\/files\/2022\/11\/group5_2-1024x768.jpg\" alt=\"\" class=\"wp-image-194\" width=\"512\" height=\"384\" srcset=\"https:\/\/blog.metu.edu.tr\/ca18137\/files\/2022\/11\/group5_2-1024x768.jpg 1024w, https:\/\/blog.metu.edu.tr\/ca18137\/files\/2022\/11\/group5_2-300x225.jpg 300w, https:\/\/blog.metu.edu.tr\/ca18137\/files\/2022\/11\/group5_2-768x576.jpg 768w, https:\/\/blog.metu.edu.tr\/ca18137\/files\/2022\/11\/group5_2-1536x1152.jpg 1536w, https:\/\/blog.metu.edu.tr\/ca18137\/files\/2022\/11\/group5_2.jpg 1600w\" sizes=\"auto, (max-width: 512px) 100vw, 512px\" \/><\/figure>\n","protected":false},"excerpt":{"rendered":"<p>Members Reported by M\u00fcge AKKAR ERCAN, Furkan Erdem S\u00d6ZER\u0130 and \u0130rem Duygu T\u0130RYAK\u0130 WHAT DOES THE SPACE WANT TO BE? Group 5 focuses on developing an urban design methodology rather than some concrete design ideas for the \u00dcmitk\u00f6y MCMH site. The group agrees that design is not an outcome but a continuous process of creating [&hellip;]<\/p>\n","protected":false},"author":8591,"featured_media":0,"parent":141,"menu_order":0,"comment_status":"closed","ping_status":"closed","template":"","meta":{"footnotes":"","_links_to":"","_links_to_target":""},"class_list":["post-150","page","type-page","status-publish","hentry"],"_links":{"self":[{"href":"https:\/\/blog.metu.edu.tr\/ca18137\/wp-json\/wp\/v2\/pages\/150","targetHints":{"allow":["GET"]}}],"collection":[{"href":"https:\/\/blog.metu.edu.tr\/ca18137\/wp-json\/wp\/v2\/pages"}],"about":[{"href":"https:\/\/blog.metu.edu.tr\/ca18137\/wp-json\/wp\/v2\/types\/page"}],"author":[{"embeddable":true,"href":"https:\/\/blog.metu.edu.tr\/ca18137\/wp-json\/wp\/v2\/users\/8591"}],"replies":[{"embeddable":true,"href":"https:\/\/blog.metu.edu.tr\/ca18137\/wp-json\/wp\/v2\/comments?post=150"}],"version-history":[{"count":0,"href":"https:\/\/blog.metu.edu.tr\/ca18137\/wp-json\/wp\/v2\/pages\/150\/revisions"}],"up":[{"embeddable":true,"href":"https:\/\/blog.metu.edu.tr\/ca18137\/wp-json\/wp\/v2\/pages\/141"}],"wp:attachment":[{"href":"https:\/\/blog.metu.edu.tr\/ca18137\/wp-json\/wp\/v2\/media?parent=150"}],"curies":[{"name":"wp","href":"https:\/\/api.w.org\/{rel}","templated":true}]}}