{"id":39,"date":"2012-06-06T17:25:21","date_gmt":"2012-06-06T14:25:21","guid":{"rendered":"http:\/\/blog.metu.edu.tr\/bkirkici\/?page_id=39"},"modified":"2022-09-21T21:51:15","modified_gmt":"2022-09-21T18:51:15","slug":"contact-info","status":"publish","type":"page","link":"https:\/\/blog.metu.edu.tr\/bkirkici\/contact-info\/","title":{"rendered":"Contact Info"},"content":{"rendered":"<p><strong>Prof. Dr. Bilal K\u0131rk\u0131c\u0131<\/strong><\/p>\n<p>Middle East Technical University (METU)<\/p>\n<p>Department of Foreign Language Education<\/p>\n<p>06800 ODT\u00dc \/ Ankara<\/p>\n<p><strong>Tel.:<\/strong> +90-312-2104081<\/p>\n<p><strong>email:<\/strong> bkirkici[at]metu.edu.tr<\/p>\n","protected":false},"excerpt":{"rendered":"<p>Prof. Dr. Bilal K\u0131rk\u0131c\u0131 Middle East Technical University (METU) Department of Foreign Language Education 06800 ODT\u00dc \/ Ankara Tel.: +90-312-2104081 email: bkirkici[at]metu.edu.tr<\/p>\n","protected":false},"author":25,"featured_media":0,"parent":0,"menu_order":0,"comment_status":"closed","ping_status":"open","template":"","meta":{"footnotes":"","_links_to":"","_links_to_target":""},"class_list":["post-39","page","type-page","status-publish","hentry"],"_links":{"self":[{"href":"https:\/\/blog.metu.edu.tr\/bkirkici\/wp-json\/wp\/v2\/pages\/39","targetHints":{"allow":["GET"]}}],"collection":[{"href":"https:\/\/blog.metu.edu.tr\/bkirkici\/wp-json\/wp\/v2\/pages"}],"about":[{"href":"https:\/\/blog.metu.edu.tr\/bkirkici\/wp-json\/wp\/v2\/types\/page"}],"author":[{"embeddable":true,"href":"https:\/\/blog.metu.edu.tr\/bkirkici\/wp-json\/wp\/v2\/users\/25"}],"replies":[{"embeddable":true,"href":"https:\/\/blog.metu.edu.tr\/bkirkici\/wp-json\/wp\/v2\/comments?post=39"}],"version-history":[{"count":0,"href":"https:\/\/blog.metu.edu.tr\/bkirkici\/wp-json\/wp\/v2\/pages\/39\/revisions"}],"wp:attachment":[{"href":"https:\/\/blog.metu.edu.tr\/bkirkici\/wp-json\/wp\/v2\/media?parent=39"}],"curies":[{"name":"wp","href":"https:\/\/api.w.org\/{rel}","templated":true}]}}