{"id":397,"date":"2021-11-24T06:21:20","date_gmt":"2021-11-24T06:21:20","guid":{"rendered":"https:\/\/blog.metu.edu.tr\/bayer\/?page_id=397"},"modified":"2023-01-10T14:13:22","modified_gmt":"2023-01-10T14:13:22","slug":"pozisyonlar","status":"publish","type":"page","link":"https:\/\/blog.metu.edu.tr\/bayer\/pozisyonlar\/","title":{"rendered":"Pozisyonlar"},"content":{"rendered":"<p>\u015eu anda a\u00e7\u0131k bir pozisyon bulunmamaktad\u0131r. Yeni pozisyon a\u00e7\u0131lmas\u0131 halinde buradan duyurusu yap\u0131lacakt\u0131r.<\/p>\n","protected":false},"excerpt":{"rendered":"<p>\u015eu anda a\u00e7\u0131k bir pozisyon bulunmamaktad\u0131r. Yeni pozisyon a\u00e7\u0131lmas\u0131 halinde buradan duyurusu yap\u0131lacakt\u0131r.<\/p>\n","protected":false},"author":7827,"featured_media":0,"parent":0,"menu_order":0,"comment_status":"closed","ping_status":"closed","template":"","meta":{"footnotes":"","_links_to":"","_links_to_target":""},"class_list":["post-397","page","type-page","status-publish","hentry"],"_links":{"self":[{"href":"https:\/\/blog.metu.edu.tr\/bayer\/wp-json\/wp\/v2\/pages\/397","targetHints":{"allow":["GET"]}}],"collection":[{"href":"https:\/\/blog.metu.edu.tr\/bayer\/wp-json\/wp\/v2\/pages"}],"about":[{"href":"https:\/\/blog.metu.edu.tr\/bayer\/wp-json\/wp\/v2\/types\/page"}],"author":[{"embeddable":true,"href":"https:\/\/blog.metu.edu.tr\/bayer\/wp-json\/wp\/v2\/users\/7827"}],"replies":[{"embeddable":true,"href":"https:\/\/blog.metu.edu.tr\/bayer\/wp-json\/wp\/v2\/comments?post=397"}],"version-history":[{"count":0,"href":"https:\/\/blog.metu.edu.tr\/bayer\/wp-json\/wp\/v2\/pages\/397\/revisions"}],"wp:attachment":[{"href":"https:\/\/blog.metu.edu.tr\/bayer\/wp-json\/wp\/v2\/media?parent=397"}],"curies":[{"name":"wp","href":"https:\/\/api.w.org\/{rel}","templated":true}]}}