{"id":75,"date":"2024-12-26T07:46:21","date_gmt":"2024-12-26T07:46:21","guid":{"rendered":"https:\/\/blog.metu.edu.tr\/barutcu\/?page_id=75"},"modified":"2026-02-11T14:19:40","modified_gmt":"2026-02-11T14:19:40","slug":"funda-research-lab","status":"publish","type":"page","link":"https:\/\/blog.metu.edu.tr\/barutcu\/funda-research-lab\/","title":{"rendered":"FunDA Research Lab"},"content":{"rendered":"\n<p>FunDA Research Lab brings together members from various programs within Educational Sciences, representing different stages of their academic careers. The team includes faculty members from diverse universities, as well as students pursuing bachelor&#8217;s, master&#8217;s, and PhD degrees, along with PhD candidates. Here are the members of the team:<\/p>\n\n\n\n<h4 class=\"wp-block-heading\">Neslihan Alakabak<\/h4>\n\n\n\n<div class=\"wp-block-media-text is-stacked-on-mobile\" style=\"grid-template-columns:35% auto\"><figure class=\"wp-block-media-text__media\"><img loading=\"lazy\" decoding=\"async\" width=\"357\" height=\"357\" src=\"https:\/\/blog.metu.edu.tr\/barutcu\/files\/2024\/12\/Neslihan-Alakabak-e1735197806685.jpg\" alt=\"\" class=\"wp-image-87 size-full\" srcset=\"https:\/\/blog.metu.edu.tr\/barutcu\/files\/2024\/12\/Neslihan-Alakabak-e1735197806685.jpg 357w, https:\/\/blog.metu.edu.tr\/barutcu\/files\/2024\/12\/Neslihan-Alakabak-e1735197806685-300x300.jpg 300w, https:\/\/blog.metu.edu.tr\/barutcu\/files\/2024\/12\/Neslihan-Alakabak-e1735197806685-150x150.jpg 150w\" sizes=\"auto, (max-width: 357px) 100vw, 357px\" \/><\/figure><div class=\"wp-block-media-text__content\">\n<p>Graduated with high honors from TED University in Guidance and Psychological Counseling. Actively engaged in student clubs, mentorship programs, and research projects. Completed internships at the Family Therapy Center, Directorate General of Migration Management, Turkish Education Association Headquarters, and the Ministry of National Education. After graduation, she worked as a trainer in an NGO project and as a teaching assistant in a European Solidarity Program in Italy. Currently, she is pursuing a master\u2019s degree in Guidance and Psychological Counseling at METU, as well as a training in Cognitive Behavioral Therapy and Creative Drama.<\/p>\n<\/div><\/div>\n\n\n\n<p><\/p>\n\n\n\n<h4 class=\"wp-block-heading\">Sel\u00e7uk Aslan<\/h4>\n\n\n\n<div class=\"wp-block-media-text is-stacked-on-mobile\" style=\"grid-template-columns:35% auto\"><figure class=\"wp-block-media-text__media\"><img loading=\"lazy\" decoding=\"async\" width=\"941\" height=\"941\" src=\"https:\/\/blog.metu.edu.tr\/barutcu\/files\/2026\/02\/Selcuk_Aslan.jpg\" alt=\"\" class=\"wp-image-141 size-full\" srcset=\"https:\/\/blog.metu.edu.tr\/barutcu\/files\/2026\/02\/Selcuk_Aslan.jpg 941w, https:\/\/blog.metu.edu.tr\/barutcu\/files\/2026\/02\/Selcuk_Aslan-300x300.jpg 300w, https:\/\/blog.metu.edu.tr\/barutcu\/files\/2026\/02\/Selcuk_Aslan-150x150.jpg 150w, https:\/\/blog.metu.edu.tr\/barutcu\/files\/2026\/02\/Selcuk_Aslan-768x768.jpg 768w\" sizes=\"auto, (max-width: 941px) 100vw, 941px\" \/><\/figure><div class=\"wp-block-media-text__content\">\n<p>Dr. Sel\u00e7uk Aslan is a lecturer in the Department of Educational Sciences at Middle East Technical University (METU). He completed his BA in Psychological Counseling and Guidance at Bo\u011fazi\u00e7i University, his MA at \u0130n\u00f6n\u00fc University, and earned his PhD in Guidance and Psychological Counseling from METU in 2023. Until 2025, he worked at the METU Health and Guidance Center (PCGC\/Psychiatry Unit). His clinical experience includes individual, couple, and family counseling, and he holds supervised training and certification in family counseling. He is currently enrolled in a three-year training program in psychodynamically oriented supportive psychotherapy. His research interests include couple and family processes, interpersonal problems, emotion regulation, and the use of AI tools in mental health and education, and he is further developing his knowledge of behavioral approaches.<\/p>\n<\/div><\/div>\n\n\n\n<p><\/p>\n\n\n\n<h4 class=\"wp-block-heading\">Funda Barut\u00e7u Y\u0131ld\u0131r\u0131m<\/h4>\n\n\n\n<div class=\"wp-block-media-text is-stacked-on-mobile\" style=\"grid-template-columns:35% auto\"><figure class=\"wp-block-media-text__media\"><img loading=\"lazy\" decoding=\"async\" width=\"348\" height=\"336\" src=\"https:\/\/blog.metu.edu.tr\/barutcu\/files\/2024\/12\/Funda-Barutcu-Yildirim.jpg\" alt=\"\" class=\"wp-image-83 size-full\" srcset=\"https:\/\/blog.metu.edu.tr\/barutcu\/files\/2024\/12\/Funda-Barutcu-Yildirim.jpg 348w, https:\/\/blog.metu.edu.tr\/barutcu\/files\/2024\/12\/Funda-Barutcu-Yildirim-300x290.jpg 300w\" sizes=\"auto, (max-width: 348px) 100vw, 348px\" \/><\/figure><div class=\"wp-block-media-text__content\">\n<p>Assoc. Prof. Dr. Funda Barut\u00e7u Y\u0131ld\u0131r\u0131m is a faculty member in the Counseling and Guidance Program at the Department of Educational Sciences, Middle East Technical University (METU). She holds a bachelor&#8217;s degree in Science Education from Bo\u011fazi\u00e7i University and earned both her master\u2019s and doctoral degrees from the Counseling and Guidance Program at METU. Following her Ph.D., she completed postdoctoral studies at Indiana University Bloomington, School of Education, Department of Counseling and Educational Psychology. Her research interests include the academic and social experiences of university students, online counseling, and non-marital relationships.<\/p>\n<\/div><\/div>\n\n\n\n<p><\/p>\n\n\n\n<h4 class=\"wp-block-heading\">Ece Nur Boranl\u0131 <\/h4>\n\n\n\n<div class=\"wp-block-media-text is-stacked-on-mobile\" style=\"grid-template-columns:35% auto\"><figure class=\"wp-block-media-text__media\"><img loading=\"lazy\" decoding=\"async\" width=\"357\" height=\"357\" src=\"https:\/\/blog.metu.edu.tr\/barutcu\/files\/2024\/12\/Ece-Nur-Boranli-e1735198110534.jpg\" alt=\"\" class=\"wp-image-81 size-full\" srcset=\"https:\/\/blog.metu.edu.tr\/barutcu\/files\/2024\/12\/Ece-Nur-Boranli-e1735198110534.jpg 357w, https:\/\/blog.metu.edu.tr\/barutcu\/files\/2024\/12\/Ece-Nur-Boranli-e1735198110534-300x300.jpg 300w, https:\/\/blog.metu.edu.tr\/barutcu\/files\/2024\/12\/Ece-Nur-Boranli-e1735198110534-150x150.jpg 150w\" sizes=\"auto, (max-width: 357px) 100vw, 357px\" \/><\/figure><div class=\"wp-block-media-text__content\">\n<p>She graduated in 2021 from Hacettepe University\u2019s Guidance and Psychological Counseling undergraduate program with a minor in Economics, earning the top rank in her class. She completed her master\u2019s degree in Guidance and Psychological Counseling at Middle East Technical University in 2024 and is currently a PhD student in the same program. Since 2022, she has been working as a research assistant at Eski\u015fehir Osmangazi University. Her primary research interests include cyberbullying, cyber dating violence, and migration.<\/p>\n<\/div><\/div>\n\n\n\n<p><\/p>\n\n\n\n<h4 class=\"wp-block-heading\">Ay\u00e7a \u00c7etin<\/h4>\n\n\n\n<div class=\"wp-block-media-text is-stacked-on-mobile\" style=\"grid-template-columns:35% auto\"><figure class=\"wp-block-media-text__media\"><img loading=\"lazy\" decoding=\"async\" width=\"357\" height=\"357\" src=\"https:\/\/blog.metu.edu.tr\/barutcu\/files\/2024\/12\/Ayca-Cetin-e1735198149226.jpg\" alt=\"\" class=\"wp-image-78 size-full\" srcset=\"https:\/\/blog.metu.edu.tr\/barutcu\/files\/2024\/12\/Ayca-Cetin-e1735198149226.jpg 357w, https:\/\/blog.metu.edu.tr\/barutcu\/files\/2024\/12\/Ayca-Cetin-e1735198149226-300x300.jpg 300w, https:\/\/blog.metu.edu.tr\/barutcu\/files\/2024\/12\/Ayca-Cetin-e1735198149226-150x150.jpg 150w\" sizes=\"auto, (max-width: 357px) 100vw, 357px\" \/><\/figure><div class=\"wp-block-media-text__content\">\n<p>Ay\u00e7a \u00c7etin completed her undergraduate education in Guidance and Psychological Counseling at Middle East Technical University Northern Cyprus Campus, graduating in 2023. She has participated in various projects, including career counseling, individual counseling, group counseling, and elementary school workshops. She has particularly worked on projects related to self-compassion, adolescence, and fear of public speaking. She is currently pursuing a master&#8217;s degree in Guidance and Psychological Counseling at Middle East Technical University.<\/p>\n<\/div><\/div>\n\n\n\n<p><\/p>\n\n\n\n<h4 class=\"wp-block-heading\">Gizem Ekici<\/h4>\n\n\n\n<div class=\"wp-block-media-text is-stacked-on-mobile\" style=\"grid-template-columns:35% auto\"><figure class=\"wp-block-media-text__media\"><img loading=\"lazy\" decoding=\"async\" width=\"339\" height=\"339\" src=\"https:\/\/blog.metu.edu.tr\/barutcu\/files\/2024\/12\/Gizem-Ekici-e1735198070835.jpg\" alt=\"\" class=\"wp-image-84 size-full\" srcset=\"https:\/\/blog.metu.edu.tr\/barutcu\/files\/2024\/12\/Gizem-Ekici-e1735198070835.jpg 339w, https:\/\/blog.metu.edu.tr\/barutcu\/files\/2024\/12\/Gizem-Ekici-e1735198070835-300x300.jpg 300w, https:\/\/blog.metu.edu.tr\/barutcu\/files\/2024\/12\/Gizem-Ekici-e1735198070835-150x150.jpg 150w\" sizes=\"auto, (max-width: 339px) 100vw, 339px\" \/><\/figure><div class=\"wp-block-media-text__content\">\n<p>In 2021, she earned her bachelor&#8217;s degree in Guidance and Psychological Counseling from Ege University, and in 2024, she completed her master&#8217;s degree in the same field at Middle East Technical University. She is currently pursuing a PhD in Guidance and Psychological Counseling at Middle East Technical University. Since 2023, she has been working as a Research Assistant in the Department of Guidance and Psychological Counseling at Trakya University Faculty of Education. Her research interests include counselor education and positive psychology.<\/p>\n<\/div><\/div>\n\n\n\n<p><\/p>\n\n\n\n<h4 class=\"wp-block-heading\">\u00d6mer K\u0131z\u0131lkaya<\/h4>\n\n\n\n<div class=\"wp-block-media-text is-stacked-on-mobile\" style=\"grid-template-columns:34% auto\"><figure class=\"wp-block-media-text__media\"><img loading=\"lazy\" decoding=\"async\" width=\"354\" height=\"354\" src=\"https:\/\/blog.metu.edu.tr\/barutcu\/files\/2024\/12\/Omer-Kizilkaya.jpg\" alt=\"\" class=\"wp-image-100 size-full\" srcset=\"https:\/\/blog.metu.edu.tr\/barutcu\/files\/2024\/12\/Omer-Kizilkaya.jpg 354w, https:\/\/blog.metu.edu.tr\/barutcu\/files\/2024\/12\/Omer-Kizilkaya-300x300.jpg 300w, https:\/\/blog.metu.edu.tr\/barutcu\/files\/2024\/12\/Omer-Kizilkaya-150x150.jpg 150w\" sizes=\"auto, (max-width: 354px) 100vw, 354px\" \/><\/figure><div class=\"wp-block-media-text__content\">\n<p>\u00d6mer K\u0131z\u0131lkaya is an undergradute student at the Middle East Technical University (METU), majoring in Foreign Language Education with a double major in Computer Engineering. He plans to work as a computational linguistics researcher in the future. His research interests include the use of technology in education, science communication, and computational linguistics.<\/p>\n<\/div><\/div>\n\n\n\n<p><\/p>\n\n\n\n<h4 class=\"wp-block-heading\">B\u00fc\u015fra Kulako\u011flu<\/h4>\n\n\n\n<div class=\"wp-block-media-text is-stacked-on-mobile\" style=\"grid-template-columns:35% auto\"><figure class=\"wp-block-media-text__media\"><img loading=\"lazy\" decoding=\"async\" width=\"348\" height=\"348\" src=\"https:\/\/blog.metu.edu.tr\/barutcu\/files\/2024\/12\/Busra-Kulakoglu.jpg\" alt=\"\" class=\"wp-image-80 size-full\" srcset=\"https:\/\/blog.metu.edu.tr\/barutcu\/files\/2024\/12\/Busra-Kulakoglu.jpg 348w, https:\/\/blog.metu.edu.tr\/barutcu\/files\/2024\/12\/Busra-Kulakoglu-300x300.jpg 300w, https:\/\/blog.metu.edu.tr\/barutcu\/files\/2024\/12\/Busra-Kulakoglu-150x150.jpg 150w\" sizes=\"auto, (max-width: 348px) 100vw, 348px\" \/><\/figure><div class=\"wp-block-media-text__content\">\n<p>B\u00fc\u015fra Kulako\u011flu graduated as the top student from the Elementary Mathematics Education program at Middle East Technical University in 2016. In the same year, she began her master\u2019s studies in the Educational Administration and Planning program, earning her degree in 2019. She is currently a PhD candidate in the Educational Administration and Planning program, focusing on the economics of education and higher education. She is a research assistant in the Department of Educational Sciences at Middle East Technical University. Her research interests include the economics of education, education policies, crisis management, higher education, and internationalization.<\/p>\n<\/div><\/div>\n\n\n\n<p><\/p>\n\n\n\n<h4 class=\"wp-block-heading\">Selin Onayl\u0131<\/h4>\n\n\n\n<div class=\"wp-block-media-text is-stacked-on-mobile\" style=\"grid-template-columns:35% auto\"><figure class=\"wp-block-media-text__media\"><img loading=\"lazy\" decoding=\"async\" width=\"224\" height=\"224\" src=\"https:\/\/blog.metu.edu.tr\/barutcu\/files\/2024\/12\/Selin-Onayli-e1735197827551.png\" alt=\"\" class=\"wp-image-89 size-full\" srcset=\"https:\/\/blog.metu.edu.tr\/barutcu\/files\/2024\/12\/Selin-Onayli-e1735197827551.png 224w, https:\/\/blog.metu.edu.tr\/barutcu\/files\/2024\/12\/Selin-Onayli-e1735197827551-150x150.png 150w\" sizes=\"auto, (max-width: 224px) 100vw, 224px\" \/><\/figure><div class=\"wp-block-media-text__content\">\n<p>Dr. Selin Onayl\u0131 completed her bachelor&#8217;s degree in Elementary Mathematics Education at Hacettepe University in 2005. She earned her master&#8217;s degree in Guidance and Psychological Counseling from Middle East Technical University in 2010 and her PhD in 2019. From 2006 to 2012, she worked as a mathematics teacher in public schools under the Ministry of National Education. Between 2012 and 2017, she served as a mathematics teacher at a minority school in Greece, assigned by the Ministry of National Education. From 2017 to 2022, she worked at a school for visually impaired students under the Ministry of National Education. She is currently a lecturer in the same department at TED University.<\/p>\n<\/div><\/div>\n\n\n\n<p><\/p>\n\n\n\n<h4 class=\"wp-block-heading\">Burcu \u00d6zcan<\/h4>\n\n\n\n<div class=\"wp-block-media-text is-stacked-on-mobile\" style=\"grid-template-columns:35% auto\"><figure class=\"wp-block-media-text__media\"><img loading=\"lazy\" decoding=\"async\" width=\"228\" height=\"228\" src=\"https:\/\/blog.metu.edu.tr\/barutcu\/files\/2024\/12\/Burcu-Ozcan.png\" alt=\"\" class=\"wp-image-79 size-full\" srcset=\"https:\/\/blog.metu.edu.tr\/barutcu\/files\/2024\/12\/Burcu-Ozcan.png 228w, https:\/\/blog.metu.edu.tr\/barutcu\/files\/2024\/12\/Burcu-Ozcan-150x150.png 150w\" sizes=\"auto, (max-width: 228px) 100vw, 228px\" \/><\/figure><div class=\"wp-block-media-text__content\">\n<p>Burcu \u00d6zcan is a research assistant in the department of Educational Sciences, Middle East Technical University (METU). After receiving a bachelor\u2019s degree in English Language Teaching program, she received her MSc. Degree from the Curriculum and Instruction program at METU Educational Sciences Department. She is currently studying for Ph.D. degree in Curriculum and Instruction program at METU. Her main research interests include teaching anxiety, teacher education in 21 century, and teacher self-efficacy.<\/p>\n<\/div><\/div>\n\n\n\n<p><\/p>\n\n\n\n<h4 class=\"wp-block-heading\">Metin Pulat<\/h4>\n\n\n\n<div class=\"wp-block-media-text is-stacked-on-mobile\" style=\"grid-template-columns:35% auto\"><figure class=\"wp-block-media-text__media\"><img loading=\"lazy\" decoding=\"async\" width=\"272\" height=\"272\" src=\"https:\/\/blog.metu.edu.tr\/barutcu\/files\/2024\/12\/Metin-Pulat-e1735197860815.png\" alt=\"\" class=\"wp-image-86 size-full\" srcset=\"https:\/\/blog.metu.edu.tr\/barutcu\/files\/2024\/12\/Metin-Pulat-e1735197860815.png 272w, https:\/\/blog.metu.edu.tr\/barutcu\/files\/2024\/12\/Metin-Pulat-e1735197860815-150x150.png 150w\" sizes=\"auto, (max-width: 272px) 100vw, 272px\" \/><\/figure><div class=\"wp-block-media-text__content\">\n<p>Metin Pulat completed his undergraduate education at METU (Middle East Technical University) in the Department of Psychological Counseling and Guidance and conducted his master&#8217;s thesis on &#8220;Online Psychological Counseling&#8221; in the same field. He is currently pursuing his doctoral studies at METU. Throughout his career, he has worked as a psychological counselor and project assistant in various institutions. As a T\u00dcB\u0130TAK scholar, he worked on the &#8220;Strengthening Schools Against Earthquakes Project,&#8221; focusing on disaster psychology. Currently, he serves as the Rehabilitation Center Manager at the Physiotherapy and Rehabilitation Center in the Mamak district of Ankara, within the scope of YSYD.<\/p>\n<\/div><\/div>\n\n\n\n<p><\/p>\n\n\n\n<h4 class=\"wp-block-heading\">Nureda Ta\u015fkesen<\/h4>\n\n\n\n<div class=\"wp-block-media-text is-stacked-on-mobile\" style=\"grid-template-columns:35% auto\"><figure class=\"wp-block-media-text__media\"><img loading=\"lazy\" decoding=\"async\" width=\"1024\" height=\"1024\" src=\"https:\/\/blog.metu.edu.tr\/barutcu\/files\/2025\/01\/Nureda-Taskesen-1024x1024.jpeg\" alt=\"\" class=\"wp-image-120 size-full\" srcset=\"https:\/\/blog.metu.edu.tr\/barutcu\/files\/2025\/01\/Nureda-Taskesen-1024x1024.jpeg 1024w, https:\/\/blog.metu.edu.tr\/barutcu\/files\/2025\/01\/Nureda-Taskesen-300x300.jpeg 300w, https:\/\/blog.metu.edu.tr\/barutcu\/files\/2025\/01\/Nureda-Taskesen-150x150.jpeg 150w, https:\/\/blog.metu.edu.tr\/barutcu\/files\/2025\/01\/Nureda-Taskesen-768x768.jpeg 768w, https:\/\/blog.metu.edu.tr\/barutcu\/files\/2025\/01\/Nureda-Taskesen.jpeg 1396w\" sizes=\"auto, (max-width: 1024px) 100vw, 1024px\" \/><\/figure><div class=\"wp-block-media-text__content\">\n<p>Currently pursuing her Ph.D. in the Psychology Department at the Norwegian University of Science and Technology (NTNU), where she is a member of the Center on Parenting and Emotion Regulation (CPER). She is working on the &#8220;Emotion Crafting&#8221; project, funded by The Research Council of Norway. She holds an M.Sc. in Guidance and Psychological Counseling from Middle East Technical University, where she worked as a research assistant from 2020 to 2023. Her research interests include emotion regulation, parenting, and romantic relationships.<\/p>\n<\/div><\/div>\n\n\n\n<p><\/p>\n\n\n\n<h4 class=\"wp-block-heading\">Gizem Tellio\u011flu <\/h4>\n\n\n\n<div class=\"wp-block-media-text is-stacked-on-mobile\" style=\"grid-template-columns:35% auto\"><figure class=\"wp-block-media-text__media\"><img loading=\"lazy\" decoding=\"async\" width=\"336\" height=\"336\" src=\"https:\/\/blog.metu.edu.tr\/barutcu\/files\/2024\/12\/Gizem-Tellioglu-e1735198045418.jpg\" alt=\"\" class=\"wp-image-85 size-full\" srcset=\"https:\/\/blog.metu.edu.tr\/barutcu\/files\/2024\/12\/Gizem-Tellioglu-e1735198045418.jpg 336w, https:\/\/blog.metu.edu.tr\/barutcu\/files\/2024\/12\/Gizem-Tellioglu-e1735198045418-300x300.jpg 300w, https:\/\/blog.metu.edu.tr\/barutcu\/files\/2024\/12\/Gizem-Tellioglu-e1735198045418-150x150.jpg 150w\" sizes=\"auto, (max-width: 336px) 100vw, 336px\" \/><\/figure><div class=\"wp-block-media-text__content\">\n<p>She completed her undergraduate education in 2022 at the Department of Psychological Counseling and Guidance at METU Northern Cyprus Campus. She earned her master&#8217;s degree in the same field at Middle East Technical University. Her research interest includes long distanced romantic relationships and relationship satisfaction.<\/p>\n<\/div><\/div>\n\n\n\n<p><\/p>\n\n\n\n<h4 class=\"wp-block-heading\">Fadime Ural<\/h4>\n\n\n\n<div class=\"wp-block-media-text is-stacked-on-mobile\" style=\"grid-template-columns:35% auto\"><figure class=\"wp-block-media-text__media\"><img loading=\"lazy\" decoding=\"async\" width=\"363\" height=\"360\" src=\"https:\/\/blog.metu.edu.tr\/barutcu\/files\/2024\/12\/Fadime-Ural.jpg\" alt=\"\" class=\"wp-image-82 size-full\" srcset=\"https:\/\/blog.metu.edu.tr\/barutcu\/files\/2024\/12\/Fadime-Ural.jpg 363w, https:\/\/blog.metu.edu.tr\/barutcu\/files\/2024\/12\/Fadime-Ural-300x298.jpg 300w, https:\/\/blog.metu.edu.tr\/barutcu\/files\/2024\/12\/Fadime-Ural-150x150.jpg 150w\" sizes=\"auto, (max-width: 363px) 100vw, 363px\" \/><\/figure><div class=\"wp-block-media-text__content\">\n<p>Fadime Ural is a research assistant at Educational Sciences Department, Middle East Technical University (METU). Currently, she is doing her PhD in Curriculum and Instruction program at METU. She received her master\u2019s degree from the same program. Her bachelor\u2019s degree is from Foreign Language Education department at METU. Her research interests are pre-service teacher education, professional development of teachers, action research, teacher commitment, teacher self-efficacy beliefs, and curriculum evaluation.<\/p>\n<\/div><\/div>\n\n\n\n<p><\/p>\n\n\n\n<h4 class=\"wp-block-heading\">Perim Uyar<\/h4>\n\n\n\n<div class=\"wp-block-media-text is-stacked-on-mobile\" style=\"grid-template-columns:35% auto\"><figure class=\"wp-block-media-text__media\"><img loading=\"lazy\" decoding=\"async\" width=\"363\" height=\"363\" src=\"https:\/\/blog.metu.edu.tr\/barutcu\/files\/2024\/12\/Perim-Uyar-e1735198027301.jpg\" alt=\"\" class=\"wp-image-90 size-full\" srcset=\"https:\/\/blog.metu.edu.tr\/barutcu\/files\/2024\/12\/Perim-Uyar-e1735198027301.jpg 363w, https:\/\/blog.metu.edu.tr\/barutcu\/files\/2024\/12\/Perim-Uyar-e1735198027301-300x300.jpg 300w, https:\/\/blog.metu.edu.tr\/barutcu\/files\/2024\/12\/Perim-Uyar-e1735198027301-150x150.jpg 150w\" sizes=\"auto, (max-width: 363px) 100vw, 363px\" \/><\/figure><div class=\"wp-block-media-text__content\">\n<p>She completed her undergraduate education in the Department of Educational Sciences, Guidance and Psychological Counseling program at Bo\u011fazi\u00e7i University. She earned her master&#8217;s degree in the Department of Educational Sciences, Guidance and Psychological Counseling program at METU, with a thesis titled &#8220;The Mediating Role of Self-Compassion in the Relationship Between Self-Efficacy and Romantic Relationship Satisfaction.&#8221; She is currently pursuing her doctoral studies in the same program at METU. Additionally, she works as a research assistant in the Department of Educational Sciences at METU.\u0130smail Yaz\u0131c\u0131<\/p>\n<\/div><\/div>\n\n\n\n<p><\/p>\n\n\n\n<h4 class=\"wp-block-heading\">\u0130smail Yaz\u0131c\u0131<\/h4>\n\n\n\n<div class=\"wp-block-media-text is-stacked-on-mobile\" style=\"grid-template-columns:35% auto\"><figure class=\"wp-block-media-text__media\"><img loading=\"lazy\" decoding=\"async\" width=\"1024\" height=\"1024\" src=\"https:\/\/blog.metu.edu.tr\/barutcu\/files\/2026\/02\/Ismail_Yazici-1024x1024.jpg\" alt=\"\" class=\"wp-image-140 size-full\" srcset=\"https:\/\/blog.metu.edu.tr\/barutcu\/files\/2026\/02\/Ismail_Yazici-1024x1024.jpg 1024w, https:\/\/blog.metu.edu.tr\/barutcu\/files\/2026\/02\/Ismail_Yazici-300x300.jpg 300w, https:\/\/blog.metu.edu.tr\/barutcu\/files\/2026\/02\/Ismail_Yazici-150x150.jpg 150w, https:\/\/blog.metu.edu.tr\/barutcu\/files\/2026\/02\/Ismail_Yazici-768x768.jpg 768w, https:\/\/blog.metu.edu.tr\/barutcu\/files\/2026\/02\/Ismail_Yazici.jpg 1207w\" sizes=\"auto, (max-width: 1024px) 100vw, 1024px\" \/><\/figure><div class=\"wp-block-media-text__content\">\n<p>He received his bachelor\u2019s degree in Guidance and Psychological Counseling from Bursa Uluda\u011f University in 2018 and his master\u2019s degree in the same field from the same university in 2023. Since 2024, he has been pursuing his doctoral studies in Guidance and Psychological Counseling at Middle East Technical University. Since 2025, he has also worked as an Assistant Specialist at the Ministry of Family and Social Services, where he coordinates family training and counseling services nationwide. His research interests include digital counseling, AI in counseling, and family counseling.<\/p>\n<\/div><\/div>\n","protected":false},"excerpt":{"rendered":"<p>FunDA Research Lab brings together members from various programs within Educational Sciences, representing different stages of their academic careers. The team includes faculty members from diverse universities, as well as students pursuing bachelor&#8217;s, master&#8217;s, and PhD degrees, along with PhD candidates. Here are the members of the team: Neslihan Alakabak Graduated with high honors from [&hellip;]<\/p>\n","protected":false},"author":5306,"featured_media":0,"parent":0,"menu_order":0,"comment_status":"closed","ping_status":"closed","template":"","meta":{"footnotes":"","_links_to":"","_links_to_target":""},"class_list":["post-75","page","type-page","status-publish","hentry"],"_links":{"self":[{"href":"https:\/\/blog.metu.edu.tr\/barutcu\/wp-json\/wp\/v2\/pages\/75","targetHints":{"allow":["GET"]}}],"collection":[{"href":"https:\/\/blog.metu.edu.tr\/barutcu\/wp-json\/wp\/v2\/pages"}],"about":[{"href":"https:\/\/blog.metu.edu.tr\/barutcu\/wp-json\/wp\/v2\/types\/page"}],"author":[{"embeddable":true,"href":"https:\/\/blog.metu.edu.tr\/barutcu\/wp-json\/wp\/v2\/users\/5306"}],"replies":[{"embeddable":true,"href":"https:\/\/blog.metu.edu.tr\/barutcu\/wp-json\/wp\/v2\/comments?post=75"}],"version-history":[{"count":0,"href":"https:\/\/blog.metu.edu.tr\/barutcu\/wp-json\/wp\/v2\/pages\/75\/revisions"}],"wp:attachment":[{"href":"https:\/\/blog.metu.edu.tr\/barutcu\/wp-json\/wp\/v2\/media?parent=75"}],"curies":[{"name":"wp","href":"https:\/\/api.w.org\/{rel}","templated":true}]}}