{"id":150,"date":"2022-11-02T15:25:13","date_gmt":"2022-11-02T15:25:13","guid":{"rendered":"https:\/\/blog.metu.edu.tr\/ayseguls\/?page_id=150"},"modified":"2022-11-02T17:33:23","modified_gmt":"2022-11-02T17:33:23","slug":"group-5","status":"publish","type":"page","link":"https:\/\/blog.metu.edu.tr\/ayseguls\/projects\/group-5\/","title":{"rendered":"GROUP 5"},"content":{"rendered":"\n<p><strong>Members<\/strong><\/p>\n\n\n\n<ul class=\"wp-block-list\"><li>M\u00fcge AKKAR ERCAN<\/li><li>Roberto GOYCOOLEA PRADO<\/li><li>Paz NUNEZ MARTI<\/li><li>Furkan Erdem S\u00d6ZERI<\/li><li>\u0130rem Duygu TIRYAKI<\/li><\/ul>\n\n\n\n<figure class=\"wp-block-image size-large is-resized\"><img loading=\"lazy\" decoding=\"async\" src=\"https:\/\/blog.metu.edu.tr\/ayseguls\/files\/2022\/11\/group5_2-1024x768.jpg\" alt=\"\" class=\"wp-image-194\" width=\"512\" height=\"384\" srcset=\"https:\/\/blog.metu.edu.tr\/ayseguls\/files\/2022\/11\/group5_2-1024x768.jpg 1024w, https:\/\/blog.metu.edu.tr\/ayseguls\/files\/2022\/11\/group5_2-300x225.jpg 300w, https:\/\/blog.metu.edu.tr\/ayseguls\/files\/2022\/11\/group5_2-768x576.jpg 768w, https:\/\/blog.metu.edu.tr\/ayseguls\/files\/2022\/11\/group5_2-1536x1152.jpg 1536w, https:\/\/blog.metu.edu.tr\/ayseguls\/files\/2022\/11\/group5_2-624x468.jpg 624w, https:\/\/blog.metu.edu.tr\/ayseguls\/files\/2022\/11\/group5_2.jpg 1600w\" sizes=\"auto, (max-width: 512px) 100vw, 512px\" \/><\/figure>\n","protected":false},"excerpt":{"rendered":"<p>Members M\u00fcge AKKAR ERCAN Roberto GOYCOOLEA PRADO Paz NUNEZ MARTI Furkan Erdem S\u00d6ZERI \u0130rem Duygu TIRYAKI<\/p>\n","protected":false},"author":8482,"featured_media":0,"parent":141,"menu_order":0,"comment_status":"closed","ping_status":"closed","template":"","meta":{"footnotes":"","_links_to":"","_links_to_target":""},"class_list":["post-150","page","type-page","status-publish","hentry"],"_links":{"self":[{"href":"https:\/\/blog.metu.edu.tr\/ayseguls\/wp-json\/wp\/v2\/pages\/150","targetHints":{"allow":["GET"]}}],"collection":[{"href":"https:\/\/blog.metu.edu.tr\/ayseguls\/wp-json\/wp\/v2\/pages"}],"about":[{"href":"https:\/\/blog.metu.edu.tr\/ayseguls\/wp-json\/wp\/v2\/types\/page"}],"author":[{"embeddable":true,"href":"https:\/\/blog.metu.edu.tr\/ayseguls\/wp-json\/wp\/v2\/users\/8482"}],"replies":[{"embeddable":true,"href":"https:\/\/blog.metu.edu.tr\/ayseguls\/wp-json\/wp\/v2\/comments?post=150"}],"version-history":[{"count":0,"href":"https:\/\/blog.metu.edu.tr\/ayseguls\/wp-json\/wp\/v2\/pages\/150\/revisions"}],"up":[{"embeddable":true,"href":"https:\/\/blog.metu.edu.tr\/ayseguls\/wp-json\/wp\/v2\/pages\/141"}],"wp:attachment":[{"href":"https:\/\/blog.metu.edu.tr\/ayseguls\/wp-json\/wp\/v2\/media?parent=150"}],"curies":[{"name":"wp","href":"https:\/\/api.w.org\/{rel}","templated":true}]}}